CRAN Package Check Results for Package lans2r

Last updated on 2020-02-15 01:01:28 CET.

Flavor Version Tinstall Tcheck Ttotal Status Flags
r-devel-linux-x86_64-debian-clang 1.0.5 6.72 107.47 114.19 OK
r-devel-linux-x86_64-debian-gcc 1.0.5 5.53 79.09 84.62 OK
r-devel-linux-x86_64-fedora-clang 1.0.5 135.34 OK
r-devel-linux-x86_64-fedora-gcc 1.0.5 127.65 OK
r-devel-windows-ix86+x86_64 1.0.5 19.00 117.00 136.00 OK
r-devel-windows-ix86+x86_64-gcc8 1.0.5 25.00 170.00 195.00 OK
r-patched-linux-x86_64 1.0.5 6.07 92.97 99.04 OK
r-patched-solaris-x86 1.0.5 194.50 NOTE
r-release-linux-x86_64 1.0.5 6.55 95.13 101.68 OK
r-release-windows-ix86+x86_64 1.0.5 13.00 107.00 120.00 OK
r-release-osx-x86_64 1.0.5 OK
r-oldrel-windows-ix86+x86_64 1.0.5 10.00 114.00 124.00 OK
r-oldrel-osx-x86_64 1.0.5 OK

Check Details

Version: 1.0.5
Check: installed package size
Result: NOTE
     installed size is 5.7Mb
     sub-directories of 1Mb or more:
     doc 2.5Mb
     extdata 3.1Mb
Flavor: r-patched-solaris-x86