Last updated on 2020-02-15 01:01:28 CET.
Flavor | Version | Tinstall | Tcheck | Ttotal | Status | Flags |
---|---|---|---|---|---|---|
r-devel-linux-x86_64-debian-clang | 1.1.0 | 16.05 | 236.12 | 252.17 | WARN | |
r-devel-linux-x86_64-debian-gcc | 1.1.0 | 15.16 | 178.79 | 193.95 | WARN | |
r-devel-linux-x86_64-fedora-clang | 1.1.0 | 322.49 | WARN | |||
r-devel-linux-x86_64-fedora-gcc | 1.1.0 | 248.99 | WARN | |||
r-devel-windows-ix86+x86_64 | 1.1.0 | 27.00 | 211.00 | 238.00 | OK | |
r-devel-windows-ix86+x86_64-gcc8 | 1.1.0 | 44.00 | 269.00 | 313.00 | OK | |
r-patched-linux-x86_64 | 1.1.0 | 15.78 | 212.17 | 227.95 | WARN | |
r-patched-solaris-x86 | 1.1.0 | 538.90 | WARN | |||
r-release-linux-x86_64 | 1.1.0 | 14.06 | 212.26 | 226.32 | OK | |
r-release-windows-ix86+x86_64 | 1.1.0 | 21.00 | 174.00 | 195.00 | OK | |
r-release-osx-x86_64 | 1.1.0 | OK | ||||
r-oldrel-windows-ix86+x86_64 | 1.1.0 | 14.00 | 222.00 | 236.00 | OK | |
r-oldrel-osx-x86_64 | 1.1.0 | OK |
Version: 1.1.0
Check: Rd \usage sections
Result: WARN
Documented arguments not in \usage in documentation object 'nodeFilling':
'...'
Functions with \usage entries need to have the appropriate \alias
entries, and all their arguments documented.
The \usage entries must correspond to syntactically valid R code.
See chapter 'Writing R documentation files' in the 'Writing R
Extensions' manual.
Flavors: r-devel-linux-x86_64-debian-clang, r-devel-linux-x86_64-debian-gcc, r-devel-linux-x86_64-fedora-clang, r-devel-linux-x86_64-fedora-gcc, r-patched-linux-x86_64, r-patched-solaris-x86