Last updated on 2020-02-15 01:01:28 CET.
Flavor | Version | Tinstall | Tcheck | Ttotal | Status | Flags |
---|---|---|---|---|---|---|
r-devel-linux-x86_64-debian-clang | 2020-2.3 | 25.25 | 71.43 | 96.68 | OK | |
r-devel-linux-x86_64-debian-gcc | 2020-2.3 | 19.04 | 51.40 | 70.44 | OK | |
r-devel-linux-x86_64-fedora-clang | 2020-2.3 | 65.48 | OK | |||
r-devel-linux-x86_64-fedora-gcc | 2020-2.3 | 61.07 | OK | |||
r-devel-windows-ix86+x86_64 | 2019-11.26 | 56.00 | 101.00 | 157.00 | WARN | |
r-devel-windows-ix86+x86_64-gcc8 | 2019-11.26 | 78.00 | 158.00 | 236.00 | OK | |
r-patched-linux-x86_64 | 2020-2.3 | 22.89 | 62.76 | 85.65 | OK | |
r-patched-solaris-x86 | 2020-2.3 | 149.80 | OK | |||
r-release-linux-x86_64 | 2020-2.3 | 21.31 | 62.52 | 83.83 | OK | |
r-release-windows-ix86+x86_64 | 2020-2.3 | 51.00 | 97.00 | 148.00 | OK | |
r-release-osx-x86_64 | 2020-2.3 | OK | ||||
r-oldrel-windows-ix86+x86_64 | 2019-11.26 | 43.00 | 120.00 | 163.00 | WARN | |
r-oldrel-osx-x86_64 | 2020-2.3 | OK |
Version: 2019-11.26
Check: re-building of vignette outputs
Result: WARN
Error(s) in re-building vignettes:
--- re-building 'lbfgsb3c.Rmd' using rmarkdown
Quitting from lines 139-237 (lbfgsb3c.Rmd)
Error: processing vignette 'lbfgsb3c.Rmd' failed with diagnostics:
missing value where TRUE/FALSE needed
--- failed re-building 'lbfgsb3c.Rmd'
SUMMARY: processing the following file failed:
'lbfgsb3c.Rmd'
Error: Vignette re-building failed.
Execution halted
Flavor: r-devel-windows-ix86+x86_64
Version: 2019-11.26
Check: re-building of vignette outputs
Result: WARN
Error in re-building vignettes:
...
Quitting from lines 139-237 (lbfgsb3c.Rmd)
Error: processing vignette 'lbfgsb3c.Rmd' failed with diagnostics:
missing value where TRUE/FALSE needed
Execution halted
Flavor: r-oldrel-windows-ix86+x86_64