Last updated on 2020-02-15 01:01:28 CET.
Flavor | Version | Tinstall | Tcheck | Ttotal | Status | Flags |
---|---|---|---|---|---|---|
r-devel-linux-x86_64-debian-clang | 1.0.4 | 8.15 | 41.49 | 49.64 | OK | |
r-devel-linux-x86_64-debian-gcc | 1.0.4 | 5.72 | 32.42 | 38.14 | OK | |
r-devel-linux-x86_64-fedora-clang | 1.0.4 | 57.32 | OK | |||
r-devel-linux-x86_64-fedora-gcc | 1.0.4 | 56.05 | OK | |||
r-devel-windows-ix86+x86_64 | 1.0.4 | 9.00 | 51.00 | 60.00 | OK | |
r-devel-windows-ix86+x86_64-gcc8 | 1.0.3 | 14.00 | 102.00 | 116.00 | WARN | |
r-patched-linux-x86_64 | 1.0.4 | 4.58 | 36.22 | 40.80 | OK | |
r-patched-solaris-x86 | 1.0.4 | 73.10 | OK | |||
r-release-linux-x86_64 | 1.0.4 | 5.62 | 36.44 | 42.06 | OK | |
r-release-windows-ix86+x86_64 | 1.0.4 | 11.00 | 50.00 | 61.00 | OK | |
r-release-osx-x86_64 | 1.0.4 | OK | ||||
r-oldrel-windows-ix86+x86_64 | 1.0.4 | 11.00 | 62.00 | 73.00 | OK | |
r-oldrel-osx-x86_64 | 1.0.4 | OK |
Version: 1.0.3
Check: examples
Result: WARN
Found the following significant warnings:
Warning: 'indexClass<-' is deprecated.
Warning: 'indexClass<-' is deprecated.
Warning: 'indexClass<-' is deprecated.
Warning: 'indexClass<-' is deprecated.
Warning: 'indexClass<-' is deprecated.
Warning: 'indexClass<-' is deprecated.
Deprecated functions may be defunct as soon as of the next release of
R.
See ?Deprecated.
Flavor: r-devel-windows-ix86+x86_64-gcc8