Last updated on 2020-02-15 01:01:29 CET.
Flavor | Version | Tinstall | Tcheck | Ttotal | Status | Flags |
---|---|---|---|---|---|---|
r-devel-linux-x86_64-debian-clang | 0.3.3 | 11.10 | 108.76 | 119.86 | OK | |
r-devel-linux-x86_64-debian-gcc | 0.3.3 | 7.78 | 84.12 | 91.90 | OK | |
r-devel-linux-x86_64-fedora-clang | 0.3.3 | 220.38 | OK | |||
r-devel-linux-x86_64-fedora-gcc | 0.3.3 | 233.83 | OK | |||
r-devel-windows-ix86+x86_64 | 0.3.3 | 23.00 | 96.00 | 119.00 | OK | |
r-devel-windows-ix86+x86_64-gcc8 | 0.3.2 | 32.00 | 133.00 | 165.00 | OK | |
r-patched-linux-x86_64 | 0.3.3 | 9.52 | 97.68 | 107.20 | OK | |
r-patched-solaris-x86 | 0.3.3 | 166.60 | OK | |||
r-release-linux-x86_64 | 0.3.3 | 9.41 | 97.83 | 107.24 | OK | |
r-release-windows-ix86+x86_64 | 0.3.3 | 14.00 | 84.00 | 98.00 | OK | |
r-release-osx-x86_64 | 0.3.3 | OK | ||||
r-oldrel-windows-ix86+x86_64 | 0.3.3 | 17.00 | 245.00 | 262.00 | NOTE | |
r-oldrel-osx-x86_64 | 0.3.3 | OK |
Version: 0.3.3
Check: whether the namespace can be loaded with stated dependencies
Result: NOTE
Warning in system2(command = python, args = paste0("\"", config_script, :
running command '"C:/Users/CRAN/AppData/Local/r-miniconda/envs/r-reticulate/python.exe" "d:/RCompile/CRANpkg/lib/3.5/reticulate/config/config.py"' had status 2
A namespace must be able to be loaded with just the base namespace
loaded: otherwise if the namespace gets loaded by a saved object, the
session will be unable to start.
Probably some imports need to be declared in the NAMESPACE file.
Flavor: r-oldrel-windows-ix86+x86_64