Last updated on 2020-02-15 01:01:29 CET.
Flavor | Version | Tinstall | Tcheck | Ttotal | Status | Flags |
---|---|---|---|---|---|---|
r-devel-linux-x86_64-debian-clang | 1.5 | 46.82 | 309.56 | 356.38 | OK | |
r-devel-linux-x86_64-debian-gcc | 1.5 | 35.62 | 236.00 | 271.62 | OK | |
r-devel-linux-x86_64-fedora-clang | 1.5 | 435.08 | OK | |||
r-devel-linux-x86_64-fedora-gcc | 1.5 | 424.25 | OK | |||
r-devel-windows-ix86+x86_64 | 1.5 | 63.00 | 320.00 | 383.00 | OK | |
r-devel-windows-ix86+x86_64-gcc8 | 1.5 | 103.00 | 422.00 | 525.00 | OK | |
r-patched-linux-x86_64 | 1.5 | 40.07 | 272.58 | 312.65 | OK | |
r-patched-solaris-x86 | 1.5 | 564.50 | OK | |||
r-release-linux-x86_64 | 1.5 | 41.40 | 273.80 | 315.20 | OK | |
r-release-windows-ix86+x86_64 | 1.5 | 53.00 | 269.00 | 322.00 | OK | |
r-release-osx-x86_64 | 1.5 | ERROR | ||||
r-oldrel-windows-ix86+x86_64 | 1.5 | 41.00 | 371.00 | 412.00 | OK | |
r-oldrel-osx-x86_64 | 1.5 | ERROR |
Version: 1.5
Check: package dependencies
Result: ERROR
Package required but not available: ‘rpanel’
See section ‘The DESCRIPTION file’ in the ‘Writing R Extensions’
manual.
Flavors: r-release-osx-x86_64, r-oldrel-osx-x86_64