Last updated on 2020-02-15 01:01:29 CET.
Flavor | Version | Tinstall | Tcheck | Ttotal | Status | Flags |
---|---|---|---|---|---|---|
r-devel-linux-x86_64-debian-clang | 0.3.3 | 26.11 | 69.09 | 95.20 | OK | |
r-devel-linux-x86_64-debian-gcc | 0.3.3 | 21.26 | 54.95 | 76.21 | OK | |
r-devel-linux-x86_64-fedora-clang | 0.3.3 | 118.41 | OK | |||
r-devel-linux-x86_64-fedora-gcc | 0.3.3 | 116.57 | OK | |||
r-devel-windows-ix86+x86_64 | 0.3.3 | 36.00 | 93.00 | 129.00 | NOTE | |
r-devel-windows-ix86+x86_64-gcc8 | 0.3.3 | 47.00 | 117.00 | 164.00 | NOTE | |
r-patched-linux-x86_64 | 0.3.3 | 22.53 | 63.16 | 85.69 | OK | |
r-patched-solaris-x86 | 0.3.3 | 148.10 | NOTE | |||
r-release-linux-x86_64 | 0.3.3 | 22.18 | 63.12 | 85.30 | OK | |
r-release-windows-ix86+x86_64 | 0.3.3 | 32.00 | 83.00 | 115.00 | NOTE | |
r-release-osx-x86_64 | 0.3.3 | OK | ||||
r-oldrel-windows-ix86+x86_64 | 0.3.3 | 30.00 | 116.00 | 146.00 | NOTE | |
r-oldrel-osx-x86_64 | 0.3.3 | OK |
Version: 0.3.3
Check: package dependencies
Result: NOTE
Package suggested but not available for checking: 'rsyslog'
Flavors: r-devel-windows-ix86+x86_64, r-devel-windows-ix86+x86_64-gcc8, r-release-windows-ix86+x86_64, r-oldrel-windows-ix86+x86_64
Version: 0.3.3
Check: Rd cross-references
Result: NOTE
Package unavailable to check Rd xrefs: 'rsyslog'
Flavors: r-devel-windows-ix86+x86_64, r-devel-windows-ix86+x86_64-gcc8, r-release-windows-ix86+x86_64, r-oldrel-windows-ix86+x86_64
Version: 0.3.3
Check: package dependencies
Result: NOTE
Package suggested but not available for checking: ‘RPostgres’
Flavor: r-patched-solaris-x86