CRAN Package Check Results for Package libcoin

Last updated on 2020-02-15 01:01:29 CET.

Flavor Version Tinstall Tcheck Ttotal Status Flags
r-devel-linux-x86_64-debian-clang 1.0-5 7.57 63.58 71.15 OK
r-devel-linux-x86_64-debian-gcc 1.0-5 4.88 49.63 54.51 OK
r-devel-linux-x86_64-fedora-clang 1.0-5 90.23 OK
r-devel-linux-x86_64-fedora-gcc 1.0-5 88.25 OK
r-devel-windows-ix86+x86_64 1.0-5 16.00 110.00 126.00 OK
r-devel-windows-ix86+x86_64-gcc8 1.0-5 22.00 141.00 163.00 OK
r-patched-linux-x86_64 1.0-5 5.15 60.33 65.48 OK
r-patched-solaris-x86 1.0-5 121.70 OK
r-release-linux-x86_64 1.0-5 5.58 59.19 64.77 OK
r-release-windows-ix86+x86_64 1.0-5 15.00 104.00 119.00 OK
r-release-osx-x86_64 1.0-5 OK
r-oldrel-windows-ix86+x86_64 1.0-5 15.00 128.00 143.00 WARN
r-oldrel-osx-x86_64 1.0-5 WARN

Check Details

Version: 1.0-5
Check: package subdirectories
Result: WARN
    Problems with news in 'inst/NEWS.Rd':
     inst/NEWS.Rd:10: unknown macro '\proglang'
     inst/NEWS.Rd:47: unknown macro '\proglang'
     inst/NEWS.Rd:69: unknown macro '\proglang'
Flavors: r-oldrel-windows-ix86+x86_64, r-oldrel-osx-x86_64