CRAN Package Check Results for Package lidR

Last updated on 2020-02-15 01:01:29 CET.

Flavor Version Tinstall Tcheck Ttotal Status Flags
r-devel-linux-x86_64-debian-clang 2.2.2 116.28 328.50 444.78 OK
r-devel-linux-x86_64-debian-gcc 2.2.2 83.97 244.06 328.03 OK
r-devel-linux-x86_64-fedora-clang 2.2.2 575.54 NOTE
r-devel-linux-x86_64-fedora-gcc 2.2.2 540.98 OK
r-devel-windows-ix86+x86_64 2.2.2 230.00 521.00 751.00 WARN
r-devel-windows-ix86+x86_64-gcc8 2.2.1 318.00 645.00 963.00 NOTE
r-patched-linux-x86_64 2.2.2 93.42 290.03 383.45 OK
r-patched-solaris-x86 2.2.2 566.00 OK
r-release-linux-x86_64 2.2.2 89.26 288.43 377.69 OK
r-release-windows-ix86+x86_64 2.2.2 210.00 465.00 675.00 NOTE
r-release-osx-x86_64 2.2.2 NOTE
r-oldrel-windows-ix86+x86_64 2.2.2 188.00 437.00 625.00 NOTE
r-oldrel-osx-x86_64 2.2.2 NOTE

Check Details

Version: 2.2.2
Check: installed package size
Result: NOTE
     installed size is 10.1Mb
     sub-directories of 1Mb or more:
     extdata 1.2Mb
     libs 6.8Mb
Flavors: r-devel-linux-x86_64-fedora-clang, r-devel-windows-ix86+x86_64, r-release-windows-ix86+x86_64, r-release-osx-x86_64, r-oldrel-windows-ix86+x86_64, r-oldrel-osx-x86_64

Version: 2.2.2
Check: re-building of vignette outputs
Result: WARN
    Error(s) in re-building vignettes:
    --- re-building 'lidR-LAS-class.Rmd' using rmarkdown
    --- finished re-building 'lidR-LAS-class.Rmd'
    
    --- re-building 'lidR-LAScatalog-class.Rmd' using rmarkdown
    pandoc.exe: Could not fetch https://raw.githubusercontent.com/Jean-Romain/storage/master/CATALOG/mapview-vignette.png
    HttpExceptionRequest Request {
     host = "raw.githubusercontent.com"
     port = 443
     secure = True
     requestHeaders = []
     path = "/Jean-Romain/storage/master/CATALOG/mapview-vignette.png"
     queryString = ""
     method = "GET"
     proxy = Nothing
     rawBody = False
     redirectCount = 10
     responseTimeout = ResponseTimeoutDefault
     requestVersion = HTTP/1.1
    }
     (ConnectionFailure getAddrInfo: does not exist (error 11001))
    Error: processing vignette 'lidR-LAScatalog-class.Rmd' failed with diagnostics:
    pandoc document conversion failed with error 67
    --- failed re-building 'lidR-LAScatalog-class.Rmd'
    
    --- re-building 'lidR-catalog-apply-examples.Rmd' using rmarkdown
    --- finished re-building 'lidR-catalog-apply-examples.Rmd'
    
    --- re-building 'lidR-computation-speed-LAScatalog.Rmd' using rmarkdown
    --- finished re-building 'lidR-computation-speed-LAScatalog.Rmd'
    
    SUMMARY: processing the following file failed:
     'lidR-LAScatalog-class.Rmd'
    
    Error: Vignette re-building failed.
    Execution halted
Flavor: r-devel-windows-ix86+x86_64

Version: 2.2.1
Check: installed package size
Result: NOTE
     installed size is 6.2Mb
     sub-directories of 1Mb or more:
     extdata 1.1Mb
     libs 3.0Mb
Flavor: r-devel-windows-ix86+x86_64-gcc8

Version: 2.2.2
Check: dependencies in R code
Result: NOTE
    No protocol specified
Flavors: r-release-osx-x86_64, r-oldrel-osx-x86_64