CRAN Package Check Results for Package lillies

Last updated on 2020-02-15 01:01:29 CET.

Flavor Version Tinstall Tcheck Ttotal Status Flags
r-devel-linux-x86_64-debian-clang 0.2.5 4.27 70.23 74.50 OK
r-devel-linux-x86_64-debian-gcc 0.2.5 3.88 52.87 56.75 OK
r-devel-linux-x86_64-fedora-clang 0.2.5 87.93 NOTE
r-devel-linux-x86_64-fedora-gcc 0.2.5 84.82 NOTE
r-devel-windows-ix86+x86_64 0.2.5 11.00 89.00 100.00 OK
r-devel-windows-ix86+x86_64-gcc8 0.2.5 20.00 107.00 127.00 OK
r-patched-linux-x86_64 0.2.5 3.98 61.50 65.48 OK
r-patched-solaris-x86 0.2.5 125.00 NOTE
r-release-linux-x86_64 0.2.5 2.87 61.73 64.60 OK
r-release-windows-ix86+x86_64 0.2.5 7.00 73.00 80.00 OK
r-release-osx-x86_64 0.2.5 NOTE
r-oldrel-windows-ix86+x86_64 0.2.5 6.00 84.00 90.00 OK
r-oldrel-osx-x86_64 0.2.5 NOTE

Check Details

Version: 0.2.5
Check: dependencies in R code
Result: NOTE
    Namespace in Imports field not imported from: ‘ddpcr’
     All declared Imports should be used.
Flavors: r-devel-linux-x86_64-fedora-clang, r-devel-linux-x86_64-fedora-gcc, r-patched-solaris-x86, r-release-osx-x86_64, r-oldrel-osx-x86_64