CRAN Package Check Results for Package logisticPCA

Last updated on 2020-02-15 01:01:29 CET.

Flavor Version Tinstall Tcheck Ttotal Status Flags
r-devel-linux-x86_64-debian-clang 0.2 3.59 55.39 58.98 OK
r-devel-linux-x86_64-debian-gcc 0.2 3.34 42.14 45.48 OK
r-devel-linux-x86_64-fedora-clang 0.2 75.61 NOTE
r-devel-linux-x86_64-fedora-gcc 0.2 69.99 NOTE
r-devel-windows-ix86+x86_64 0.2 12.00 92.00 104.00 OK
r-devel-windows-ix86+x86_64-gcc8 0.2 14.00 115.00 129.00 OK
r-patched-linux-x86_64 0.2 2.86 49.37 52.23 OK
r-patched-solaris-x86 0.2 102.80 OK
r-release-linux-x86_64 0.2 2.89 48.88 51.77 OK
r-release-windows-ix86+x86_64 0.2 8.00 80.00 88.00 OK
r-release-osx-x86_64 0.2 OK
r-oldrel-windows-ix86+x86_64 0.2 8.00 75.00 83.00 OK
r-oldrel-osx-x86_64 0.2 OK

Check Details

Version: 0.2
Check: compiled code
Result: NOTE
    File ‘logisticPCA/libs/logisticPCA.so’:
     Found no calls to: ‘R_registerRoutines’, ‘R_useDynamicSymbols’
    
    It is good practice to register native routines and to disable symbol
    search.
    
    See ‘Writing portable packages’ in the ‘Writing R Extensions’ manual.
Flavors: r-devel-linux-x86_64-fedora-clang, r-devel-linux-x86_64-fedora-gcc