CRAN Package Check Results for Package lsei

Last updated on 2020-02-15 01:01:29 CET.

Flavor Version Tinstall Tcheck Ttotal Status Flags
r-devel-linux-x86_64-debian-clang 1.2-0 4.55 18.95 23.50 OK
r-devel-linux-x86_64-debian-gcc 1.2-0 3.00 14.89 17.89 OK
r-devel-linux-x86_64-fedora-clang 1.2-0 30.40 OK
r-devel-linux-x86_64-fedora-gcc 1.2-0 28.42 OK
r-devel-windows-ix86+x86_64 1.2-0 1.00 3.00 4.00 ERROR
r-devel-windows-ix86+x86_64-gcc8 1.2-0 18.00 52.00 70.00 OK
r-patched-linux-x86_64 1.2-0 3.43 17.43 20.86 OK
r-patched-solaris-x86 1.2-0 39.70 OK
r-release-linux-x86_64 1.2-0 3.52 17.37 20.89 OK
r-release-windows-ix86+x86_64 1.2-0 12.00 52.00 64.00 OK
r-release-osx-x86_64 1.2-0 OK
r-oldrel-windows-ix86+x86_64 1.2-0 11.00 30.00 41.00 OK
r-oldrel-osx-x86_64 1.2-0 OK

Check Details

Version: 1.2-0
Check: whether package can be installed
Result: ERROR
    Installation failed.
Flavor: r-devel-windows-ix86+x86_64