CRAN Package Check Results for Package lvplot

Last updated on 2020-02-15 01:01:29 CET.

Flavor Version Tinstall Tcheck Ttotal Status Flags
r-devel-linux-x86_64-debian-clang 0.2.0 49.00 59.15 108.15 OK
r-devel-linux-x86_64-debian-gcc 0.2.0 47.42 43.83 91.25 OK
r-devel-linux-x86_64-fedora-clang 0.2.0 147.07 OK
r-devel-linux-x86_64-fedora-gcc 0.2.0 141.51 OK
r-devel-windows-ix86+x86_64 0.2.0 71.00 75.00 146.00 OK
r-devel-windows-ix86+x86_64-gcc8 0.2.0 78.00 90.00 168.00 OK
r-patched-linux-x86_64 0.2.0 48.84 52.51 101.35 OK
r-patched-solaris-x86 0.2.0 260.30 OK
r-release-linux-x86_64 0.2.0 48.18 52.90 101.08 OK
r-release-windows-ix86+x86_64 0.2.0 64.00 69.00 133.00 OK
r-release-osx-x86_64 0.2.0 FAIL
r-oldrel-windows-ix86+x86_64 0.2.0 73.00 64.00 137.00 OK
r-oldrel-osx-x86_64 0.2.0 OK

Check Details

Version: 0.2.0
Check: dependencies in R code
Result: FAIL
Flavor: r-release-osx-x86_64