Last updated on 2020-02-15 01:01:29 CET.
Flavor | Version | Tinstall | Tcheck | Ttotal | Status | Flags |
---|---|---|---|---|---|---|
r-devel-linux-x86_64-debian-clang | 0.1 | 2.18 | 21.61 | 23.79 | NOTE | |
r-devel-linux-x86_64-debian-gcc | 0.1 | 1.79 | 17.46 | 19.25 | NOTE | |
r-devel-linux-x86_64-fedora-clang | 0.1 | 31.27 | OK | |||
r-devel-linux-x86_64-fedora-gcc | 0.1 | 32.33 | OK | |||
r-devel-windows-ix86+x86_64 | 0.1 | 6.00 | 42.00 | 48.00 | NOTE | |
r-devel-windows-ix86+x86_64-gcc8 | 0.1 | 11.00 | 53.00 | 64.00 | NOTE | |
r-patched-linux-x86_64 | 0.1 | 1.81 | 20.13 | 21.94 | OK | |
r-patched-solaris-x86 | 0.1 | 45.60 | OK | |||
r-release-linux-x86_64 | 0.1 | 1.67 | 19.77 | 21.44 | OK | |
r-release-windows-ix86+x86_64 | 0.1 | 4.00 | 38.00 | 42.00 | OK | |
r-release-osx-x86_64 | 0.1 | OK | ||||
r-oldrel-windows-ix86+x86_64 | 0.1 | 4.00 | 31.00 | 35.00 | OK | |
r-oldrel-osx-x86_64 | 0.1 | OK |
Version: 0.1
Check: package vignettes
Result: NOTE
Package vignette with placeholder title 'Vignette Title':
'maddison_project_database.Rmd'
Flavors: r-devel-linux-x86_64-debian-clang, r-devel-linux-x86_64-debian-gcc, r-devel-windows-ix86+x86_64, r-devel-windows-ix86+x86_64-gcc8