CRAN Package Check Results for Package marked

Last updated on 2020-02-15 01:01:29 CET.

Flavor Version Tinstall Tcheck Ttotal Status Flags
r-devel-linux-x86_64-debian-clang 1.2.6 32.32 211.23 243.55 OK
r-devel-linux-x86_64-debian-gcc 1.2.6 25.15 160.04 185.19 OK
r-devel-linux-x86_64-fedora-clang 1.2.6 278.25 NOTE
r-devel-linux-x86_64-fedora-gcc 1.2.6 287.35 NOTE
r-devel-windows-ix86+x86_64 1.2.6 71.00 295.00 366.00 OK
r-devel-windows-ix86+x86_64-gcc8 1.2.6 96.00 315.00 411.00 OK
r-patched-linux-x86_64 1.2.6 24.64 189.86 214.50 OK
r-patched-solaris-x86 1.2.6 396.20 NOTE
r-release-linux-x86_64 1.2.6 26.09 189.88 215.97 OK
r-release-windows-ix86+x86_64 1.2.6 65.00 210.00 275.00 OK
r-release-osx-x86_64 1.2.6 NOTE
r-oldrel-windows-ix86+x86_64 1.2.6 54.00 223.00 277.00 OK
r-oldrel-osx-x86_64 1.2.6 NOTE

Check Details

Version: 1.2.6
Check: dependencies in R code
Result: NOTE
    Namespaces in Imports field not imported from:
     ‘bookdown’ ‘kableExtra’ ‘knitr’
     All declared Imports should be used.
Flavors: r-devel-linux-x86_64-fedora-clang, r-devel-linux-x86_64-fedora-gcc, r-patched-solaris-x86, r-release-osx-x86_64, r-oldrel-osx-x86_64