CRAN Package Check Results for Package matrixTests

Last updated on 2020-02-15 01:01:30 CET.

Flavor Version Tinstall Tcheck Ttotal Status Flags
r-devel-linux-x86_64-debian-clang 0.1.8 4.16 626.13 630.29 ERROR
r-devel-linux-x86_64-debian-gcc 0.1.8 4.18 548.60 552.78 OK
r-devel-linux-x86_64-fedora-clang 0.1.8 192.87 OK
r-devel-linux-x86_64-fedora-gcc 0.1.8 201.39 OK
r-devel-windows-ix86+x86_64 0.1.8 10.00 222.00 232.00 OK
r-devel-windows-ix86+x86_64-gcc8 0.1.8 13.00 226.00 239.00 OK
r-patched-linux-x86_64 0.1.8 4.38 623.20 627.58 ERROR
r-patched-solaris-x86 0.1.8 215.60 OK
r-release-linux-x86_64 0.1.8 3.61 623.32 626.93 ERROR
r-release-windows-ix86+x86_64 0.1.8 7.00 170.00 177.00 OK
r-release-osx-x86_64 0.1.8 OK
r-oldrel-windows-ix86+x86_64 0.1.8 5.00 190.00 195.00 ERROR
r-oldrel-osx-x86_64 0.1.8 ERROR

Check Details

Version: 0.1.8
Check: tests
Result: ERROR
     Running 'testthat.R' [10m/11m]
    Running the tests in 'tests/testthat.R' failed.
    Complete output:
     > library(testthat)
     > library(matrixTests)
     >
     > test_check("matrixTests")
     Killed
Flavors: r-devel-linux-x86_64-debian-clang, r-patched-linux-x86_64, r-release-linux-x86_64

Version: 0.1.8
Check: tests
Result: ERROR
     Running 'testthat.R' [148s]
    Running the tests in 'tests/testthat.R' failed.
    Complete output:
     > library(testthat)
     > library(matrixTests)
     >
     > test_check("matrixTests")
     -- 1. Error: row eq col on 0 dimension matrix xs and ys (@test-col-versions.R#11
     subscript out of bounds
     Backtrace:
     1. testthat::expect_equal(row_cosinor(X, t), col_cosinor(X, t))
     4. matrixTests::row_cosinor(X, t)
     6. base::`[<-.data.frame`(`*tmp*`, w2 | w3 | w6, c("f", "p"), value = NA)
    
     -- 2. Error: x and y can have 0 rows and 0 columns (@test-parameters-special-cas
     subscript out of bounds
     Backtrace:
     1. testthat::expect_equal(...)
     5. matrixTests::row_cosinor(x = x, t = numeric())
     7. base::`[<-.data.frame`(`*tmp*`, w2 | w3 | w6, c("f", "p"), value = NA)
    
     == testthat results ===========================================================
     [ OK: 2096 | SKIPPED: 0 | WARNINGS: 8 | FAILED: 2 ]
     1. Error: row eq col on 0 dimension matrix xs and ys (@test-col-versions.R#115)
     2. Error: x and y can have 0 rows and 0 columns (@test-parameters-special-cases.R#82)
    
     Error: testthat unit tests failed
     Execution halted
Flavor: r-oldrel-windows-ix86+x86_64

Version: 0.1.8
Check: tests
Result: ERROR
     Running ‘testthat.R’ [92s/92s]
    Running the tests in ‘tests/testthat.R’ failed.
    Last 13 lines of output:
    
     ── 2. Error: x and y can have 0 rows and 0 columns (@test-parameters-special-cas
     subscript out of bounds
     Backtrace:
     1. testthat::expect_equal(...)
     5. matrixTests::row_cosinor(x = x, t = numeric())
     7. base::`[<-.data.frame`(`*tmp*`, w2 | w3 | w6, c("f", "p"), value = NA)
    
     ══ testthat results ═══════════════════════════════════════════════════════════
     [ OK: 2096 | SKIPPED: 0 | WARNINGS: 8 | FAILED: 2 ]
     1. Error: row eq col on 0 dimension matrix xs and ys (@test-col-versions.R#115)
     2. Error: x and y can have 0 rows and 0 columns (@test-parameters-special-cases.R#82)
    
     Error: testthat unit tests failed
     Execution halted
Flavor: r-oldrel-osx-x86_64