CRAN Package Check Results for Package mdpeer

Last updated on 2020-02-15 01:01:30 CET.

Flavor Version Tinstall Tcheck Ttotal Status Flags
r-devel-linux-x86_64-debian-clang 1.0.1 5.17 58.16 63.33 OK
r-devel-linux-x86_64-debian-gcc 1.0.1 4.11 44.50 48.61 OK
r-devel-linux-x86_64-fedora-clang 1.0.1 75.86 NOTE
r-devel-linux-x86_64-fedora-gcc 1.0.1 80.14 NOTE
r-devel-windows-ix86+x86_64 1.0.1 15.00 96.00 111.00 OK
r-devel-windows-ix86+x86_64-gcc8 1.0.1 20.00 99.00 119.00 OK
r-patched-linux-x86_64 1.0.1 4.60 51.06 55.66 OK
r-patched-solaris-x86 1.0.1 102.20 NOTE
r-release-linux-x86_64 1.0.1 4.80 51.63 56.43 OK
r-release-windows-ix86+x86_64 1.0.1 10.00 58.00 68.00 OK
r-release-osx-x86_64 1.0.1 NOTE
r-oldrel-windows-ix86+x86_64 1.0.1 7.00 74.00 81.00 OK
r-oldrel-osx-x86_64 1.0.1 NOTE

Check Details

Version: 1.0.1
Check: dependencies in R code
Result: NOTE
    Namespace in Imports field not imported from: ‘glmnet’
     All declared Imports should be used.
Flavors: r-devel-linux-x86_64-fedora-clang, r-devel-linux-x86_64-fedora-gcc, r-patched-solaris-x86, r-release-osx-x86_64, r-oldrel-osx-x86_64