CRAN Package Check Results for Package memapp

Last updated on 2020-02-15 01:01:30 CET.

Flavor Version Tinstall Tcheck Ttotal Status Flags
r-devel-linux-x86_64-debian-clang 2.13 3.22 26.99 30.21 OK
r-devel-linux-x86_64-debian-gcc 2.13 2.62 21.65 24.27 OK
r-devel-linux-x86_64-fedora-clang 2.13 39.32 NOTE
r-devel-linux-x86_64-fedora-gcc 2.13 37.29 NOTE
r-devel-windows-ix86+x86_64 2.13 9.00 56.00 65.00 OK
r-devel-windows-ix86+x86_64-gcc8 2.13 22.00 63.00 85.00 OK
r-patched-linux-x86_64 2.13 2.41 24.55 26.96 OK
r-patched-solaris-x86 2.13 56.30 NOTE
r-release-linux-x86_64 2.13 2.36 24.74 27.10 OK
r-release-windows-ix86+x86_64 2.13 8.00 41.00 49.00 OK
r-release-osx-x86_64 2.13 NOTE
r-oldrel-windows-ix86+x86_64 2.13 4.00 46.00 50.00 OK
r-oldrel-osx-x86_64 2.13 NOTE

Check Details

Version: 2.13
Check: package dependencies
Result: NOTE
    Imports includes 21 non-default packages.
    Importing from so many packages makes the package vulnerable to any of
    them becoming unavailable. Move as many as possible to Suggests and
    use conditionally.
Flavor: r-devel-linux-x86_64-fedora-clang

Version: 2.13
Check: dependencies in R code
Result: NOTE
    Namespaces in Imports field not imported from:
     ‘DT’ ‘RColorBrewer’ ‘RODBC’ ‘dplyr’ ‘foreign’ ‘formattable’ ‘ggplot2’
     ‘haven’ ‘mem’ ‘openxlsx’ ‘plotly’ ‘readxl’ ‘shinyBS’ ‘shinyWidgets’
     ‘shinydashboard’ ‘shinyjs’ ‘shinythemes’ ‘stringi’ ‘stringr’ ‘tidyr’
     All declared Imports should be used.
Flavors: r-devel-linux-x86_64-fedora-clang, r-devel-linux-x86_64-fedora-gcc, r-patched-solaris-x86, r-release-osx-x86_64, r-oldrel-osx-x86_64