CRAN Package Check Results for Package memery

Last updated on 2020-02-15 01:01:30 CET.

Flavor Version Tinstall Tcheck Ttotal Status Flags
r-devel-linux-x86_64-debian-clang 0.5.2 3.44 56.92 60.36 NOTE
r-devel-linux-x86_64-debian-gcc 0.5.2 2.60 43.05 45.65 NOTE
r-devel-linux-x86_64-fedora-clang 0.5.2 71.16 NOTE
r-devel-linux-x86_64-fedora-gcc 0.5.2 74.09 NOTE
r-devel-windows-ix86+x86_64 0.5.2 9.00 90.00 99.00 WARN
r-devel-windows-ix86+x86_64-gcc8 0.5.2 13.00 102.00 115.00 OK
r-patched-linux-x86_64 0.5.2 2.96 52.11 55.07 OK
r-patched-solaris-x86 0.5.2 97.50 NOTE
r-release-linux-x86_64 0.5.2 2.92 51.10 54.02 OK
r-release-windows-ix86+x86_64 0.5.2 7.00 84.00 91.00 OK
r-release-osx-x86_64 0.5.2 NOTE
r-oldrel-windows-ix86+x86_64 0.5.2 5.00 84.00 89.00 OK
r-oldrel-osx-x86_64 0.5.2 NOTE

Check Details

Version: 0.5.2
Check: for non-standard things in the check directory
Result: NOTE
    Found the following files/directories:
     'meme_data2.jpg'
Flavors: r-devel-linux-x86_64-debian-clang, r-devel-linux-x86_64-debian-gcc, r-devel-linux-x86_64-fedora-clang, r-devel-linux-x86_64-fedora-gcc

Version: 0.5.2
Check: dependencies in R code
Result: NOTE
    Namespaces in Imports field not imported from:
     ‘colourpicker’ ‘shinyBS’ ‘shinycssloaders’
     All declared Imports should be used.
Flavors: r-devel-linux-x86_64-fedora-clang, r-devel-linux-x86_64-fedora-gcc, r-patched-solaris-x86, r-release-osx-x86_64, r-oldrel-osx-x86_64

Version: 0.5.2
Check: re-building of vignette outputs
Result: WARN
    Error(s) in re-building vignettes:
    --- re-building 'memery.Rmd' using rmarkdown
    Loading required package: showtext
    Loading required package: sysfonts
    Loading required package: showtextdb
    Warning in block_exec(params) :
     Failed to tidy R code in chunk 'app'. Reason:
    Error in loadNamespace(name) : there is no package called 'formatR'
    
    Warning in block_exec(params) :
     Failed to tidy R code in chunk 'sources_and_outputs1'. Reason:
    Error in loadNamespace(name) : there is no package called 'formatR'
    
    Warning in block_exec(params) :
     Failed to tidy R code in chunk 'two_labels'. Reason:
    Error in loadNamespace(name) : there is no package called 'formatR'
    
    Warning in block_exec(params) :
     Failed to tidy R code in chunk 'text_pos'. Reason:
    Error in loadNamespace(name) : there is no package called 'formatR'
    
    Warning in block_exec(params) :
     Failed to tidy R code in chunk 'colors'. Reason:
    Error in loadNamespace(name) : there is no package called 'formatR'
    
    Warning in block_exec(params) :
     Failed to tidy R code in chunk 'inset1'. Reason:
    Error in loadNamespace(name) : there is no package called 'formatR'
    
    Warning in block_exec(params) :
     Failed to tidy R code in chunk 'seed'. Reason:
    Error in loadNamespace(name) : there is no package called 'formatR'
    
    Warning in block_exec(params) :
     Failed to tidy R code in chunk 'inset1b'. Reason:
    Error in loadNamespace(name) : there is no package called 'formatR'
    
    Warning in block_exec(params) :
     Failed to tidy R code in chunk 'inset1c'. Reason:
    Error in loadNamespace(name) : there is no package called 'formatR'
    
    Warning in block_exec(params) :
     Failed to tidy R code in chunk 'inset2'. Reason:
    Error in loadNamespace(name) : there is no package called 'formatR'
    
    Warning in block_exec(params) :
     Failed to tidy R code in chunk 'inset3'. Reason:
    Error in loadNamespace(name) : there is no package called 'formatR'
    
    Warning in block_exec(params) :
     Failed to tidy R code in chunk 'inset3_r'. Reason:
    Error in loadNamespace(name) : there is no package called 'formatR'
    
    Warning in block_exec(params) :
     Failed to tidy R code in chunk 'inset4'. Reason:
    Error in loadNamespace(name) : there is no package called 'formatR'
    
    Warning in block_exec(params) :
     Failed to tidy R code in chunk 'gifs'. Reason:
    Error in loadNamespace(name) : there is no package called 'formatR'
    
    pandoc.exe: Could not fetch https://github.com/leonawicz/DataVisExamples/blob/master/packages/memery.gif?raw=true
    HttpExceptionRequest Request {
     host = "github.com"
     port = 443
     secure = True
     requestHeaders = []
     path = "/leonawicz/DataVisExamples/blob/master/packages/memery.gif"
     queryString = "?raw=true"
     method = "GET"
     proxy = Nothing
     rawBody = False
     redirectCount = 10
     responseTimeout = ResponseTimeoutDefault
     requestVersion = HTTP/1.1
    }
     (ConnectionFailure getAddrInfo: does not exist (error 11001))
    Error: processing vignette 'memery.Rmd' failed with diagnostics:
    pandoc document conversion failed with error 67
    --- failed re-building 'memery.Rmd'
    
    SUMMARY: processing the following file failed:
     'memery.Rmd'
    
    Error: Vignette re-building failed.
    Execution halted
Flavor: r-devel-windows-ix86+x86_64

Version: 0.5.2
Check: package dependencies
Result: NOTE
    Package suggested but not available for checking: ‘gifski’
Flavor: r-patched-solaris-x86