Last updated on 2020-02-15 01:01:30 CET.
Flavor | Version | Tinstall | Tcheck | Ttotal | Status | Flags |
---|---|---|---|---|---|---|
r-devel-linux-x86_64-debian-clang | 1.0.1 | 16.30 | 141.74 | 158.04 | NOTE | |
r-devel-linux-x86_64-debian-gcc | 1.0.1 | 12.81 | 108.38 | 121.19 | NOTE | |
r-devel-linux-x86_64-fedora-clang | 1.0.1 | 197.14 | NOTE | |||
r-devel-linux-x86_64-fedora-gcc | 1.0.1 | 194.30 | NOTE | |||
r-devel-windows-ix86+x86_64 | 1.0.1 | 28.00 | 160.00 | 188.00 | NOTE | |
r-devel-windows-ix86+x86_64-gcc8 | 1.0.1 | 41.00 | 185.00 | 226.00 | NOTE | |
r-patched-linux-x86_64 | 1.0.1 | 12.64 | 122.74 | 135.38 | NOTE | |
r-patched-solaris-x86 | 1.0.1 | 255.50 | NOTE | |||
r-release-linux-x86_64 | 1.0.1 | 12.02 | 122.80 | 134.82 | NOTE | |
r-release-windows-ix86+x86_64 | 1.0.1 | 25.00 | 118.00 | 143.00 | NOTE | |
r-release-osx-x86_64 | 1.0.1 | NOTE | ||||
r-oldrel-windows-ix86+x86_64 | 1.0.1 | 15.00 | 134.00 | 149.00 | NOTE | |
r-oldrel-osx-x86_64 | 1.0.1 | NOTE |
Version: 1.0.1
Check: dependencies in R code
Result: NOTE
'library' or 'require' calls in package code:
'adegenet' 'geosphere'
Please use :: or requireNamespace() instead.
See section 'Suggested packages' in the 'Writing R Extensions' manual.
Flavors: r-devel-linux-x86_64-debian-clang, r-devel-linux-x86_64-debian-gcc, r-devel-linux-x86_64-fedora-clang, r-devel-linux-x86_64-fedora-gcc, r-devel-windows-ix86+x86_64, r-devel-windows-ix86+x86_64-gcc8, r-patched-linux-x86_64, r-patched-solaris-x86, r-release-linux-x86_64, r-release-windows-ix86+x86_64, r-release-osx-x86_64, r-oldrel-windows-ix86+x86_64, r-oldrel-osx-x86_64
Version: 1.0.1
Check: R code for possible problems
Result: NOTE
codomToPropShared: no visible global function definition for
'df2genind'
codomToPropShared: no visible global function definition for
'propShared'
mgLandscape: no visible global function definition for 'SpatialPoints'
mgQuick: no visible global function definition for 'distm'
mgQuick: no visible binding for global variable 'distMeeus'
Undefined global functions or variables:
SpatialPoints df2genind distMeeus distm propShared
Flavors: r-devel-linux-x86_64-debian-clang, r-devel-linux-x86_64-debian-gcc, r-devel-linux-x86_64-fedora-clang, r-devel-linux-x86_64-fedora-gcc, r-devel-windows-ix86+x86_64, r-devel-windows-ix86+x86_64-gcc8, r-patched-linux-x86_64, r-patched-solaris-x86, r-release-linux-x86_64, r-release-windows-ix86+x86_64, r-release-osx-x86_64, r-oldrel-windows-ix86+x86_64, r-oldrel-osx-x86_64