CRAN Package Check Results for Package metR

Last updated on 2020-02-15 01:01:30 CET.

Flavor Version Tinstall Tcheck Ttotal Status Flags
r-devel-linux-x86_64-debian-clang 0.6.0 16.97 427.35 444.32 OK
r-devel-linux-x86_64-debian-gcc 0.6.0 14.32 491.87 506.19 OK
r-devel-linux-x86_64-fedora-clang 0.6.0 366.28 NOTE
r-devel-linux-x86_64-fedora-gcc 0.6.0 342.61 NOTE
r-devel-windows-ix86+x86_64 0.5.0 48.00 365.00 413.00 OK
r-devel-windows-ix86+x86_64-gcc8 0.5.0 65.00 435.00 500.00 OK
r-patched-linux-x86_64 0.6.0 16.68 389.42 406.10 OK
r-patched-solaris-x86 0.6.0 460.20 NOTE
r-release-linux-x86_64 0.6.0 15.30 386.75 402.05 OK
r-release-windows-ix86+x86_64 0.6.0 22.00 262.00 284.00 OK
r-release-osx-x86_64 0.6.0 NOTE
r-oldrel-windows-ix86+x86_64 0.5.0 28.00 310.00 338.00 OK
r-oldrel-osx-x86_64 0.6.0 NOTE

Check Details

Version: 0.6.0
Check: dependencies in R code
Result: NOTE
    Namespace in Imports field not imported from: ‘memoise’
     All declared Imports should be used.
Flavors: r-devel-linux-x86_64-fedora-clang, r-devel-linux-x86_64-fedora-gcc, r-patched-solaris-x86, r-release-osx-x86_64, r-oldrel-osx-x86_64

Version: 0.6.0
Check: installed package size
Result: NOTE
     installed size is 5.3Mb
     sub-directories of 1Mb or more:
     data 1.1Mb
     doc 2.7Mb
Flavor: r-patched-solaris-x86