CRAN Package Check Results for Package metaplotr

Last updated on 2020-02-15 01:01:30 CET.

Flavor Version Tinstall Tcheck Ttotal Status Flags
r-devel-linux-x86_64-debian-clang 0.0.3 2.51 47.61 50.12 NOTE
r-devel-linux-x86_64-debian-gcc 0.0.3 1.96 36.28 38.24 NOTE
r-devel-linux-x86_64-fedora-clang 0.0.3 58.19 OK
r-devel-linux-x86_64-fedora-gcc 0.0.3 65.31 OK
r-devel-windows-ix86+x86_64 0.0.3 7.00 55.00 62.00 NOTE
r-devel-windows-ix86+x86_64-gcc8 0.0.3 9.00 71.00 80.00 NOTE
r-patched-linux-x86_64 0.0.3 2.04 42.07 44.11 OK
r-patched-solaris-x86 0.0.3 77.90 OK
r-release-linux-x86_64 0.0.3 2.04 41.60 43.64 OK
r-release-windows-ix86+x86_64 0.0.3 5.00 52.00 57.00 OK
r-release-osx-x86_64 0.0.3 OK
r-oldrel-windows-ix86+x86_64 0.0.3 3.00 55.00 58.00 OK
r-oldrel-osx-x86_64 0.0.3 OK

Check Details

Version: 0.0.3
Check: package vignettes
Result: NOTE
    Package vignette with placeholder title 'Vignette Title':
     'how_to_use_crosshairs.Rmd'
Flavors: r-devel-linux-x86_64-debian-clang, r-devel-linux-x86_64-debian-gcc, r-devel-windows-ix86+x86_64, r-devel-windows-ix86+x86_64-gcc8