CRAN Package Check Results for Package meteoland

Last updated on 2020-02-15 01:01:30 CET.

Flavor Version Tinstall Tcheck Ttotal Status Flags
r-devel-linux-x86_64-debian-clang 0.8.3 108.24 199.57 307.81 OK
r-devel-linux-x86_64-debian-gcc 0.8.3 74.84 149.60 224.44 OK
r-devel-linux-x86_64-fedora-clang 0.8.3 422.50 NOTE
r-devel-linux-x86_64-fedora-gcc 0.8.3 340.51 OK
r-devel-windows-ix86+x86_64 0.8.3 193.00 251.00 444.00 OK
r-devel-windows-ix86+x86_64-gcc8 0.8.3 293.00 298.00 591.00 OK
r-patched-linux-x86_64 0.8.3 84.31 173.89 258.20 OK
r-patched-solaris-x86 0.8.3 464.10 OK
r-release-linux-x86_64 0.8.3 85.86 168.95 254.81 OK
r-release-windows-ix86+x86_64 0.8.3 172.00 200.00 372.00 OK
r-release-osx-x86_64 0.8.3 NOTE
r-oldrel-windows-ix86+x86_64 0.8.3 137.00 286.00 423.00 OK
r-oldrel-osx-x86_64 0.8.3 OK

Check Details

Version: 0.8.3
Check: installed package size
Result: NOTE
     installed size is 5.8Mb
     sub-directories of 1Mb or more:
     libs 3.7Mb
Flavors: r-devel-linux-x86_64-fedora-clang, r-release-osx-x86_64