Last updated on 2020-02-15 01:01:30 CET.
Flavor | Version | Tinstall | Tcheck | Ttotal | Status | Flags |
---|---|---|---|---|---|---|
r-devel-linux-x86_64-debian-clang | 1.2-1 | 6.04 | 21.02 | 27.06 | OK | |
r-devel-linux-x86_64-debian-gcc | 1.2-1 | 4.00 | 16.56 | 20.56 | OK | |
r-devel-linux-x86_64-fedora-clang | 1.2-1 | 33.68 | NOTE | |||
r-devel-linux-x86_64-fedora-gcc | 1.2-1 | 32.74 | NOTE | |||
r-devel-windows-ix86+x86_64 | 1.2-1 | 27.00 | 54.00 | 81.00 | OK | |
r-devel-windows-ix86+x86_64-gcc8 | 1.2-1 | 31.00 | 52.00 | 83.00 | OK | |
r-patched-linux-x86_64 | 1.2-1 | 4.88 | 19.35 | 24.23 | OK | |
r-patched-solaris-x86 | 1.2-1 | 54.10 | OK | |||
r-release-linux-x86_64 | 1.2-1 | 4.82 | 19.21 | 24.03 | OK | |
r-release-windows-ix86+x86_64 | 1.2-1 | 25.00 | 40.00 | 65.00 | OK | |
r-release-osx-x86_64 | 1.2-1 | OK | ||||
r-oldrel-windows-ix86+x86_64 | 1.2-1 | 28.00 | 54.00 | 82.00 | OK | |
r-oldrel-osx-x86_64 | 1.2-1 | OK |
Version: 1.2-1
Check: compiled code
Result: NOTE
File ‘minpack.lm/libs/minpack.lm.so’:
Found no calls to: ‘R_registerRoutines’, ‘R_useDynamicSymbols’
It is good practice to register native routines and to disable symbol
search.
See ‘Writing portable packages’ in the ‘Writing R Extensions’ manual.
Flavors: r-devel-linux-x86_64-fedora-clang, r-devel-linux-x86_64-fedora-gcc