Last updated on 2020-02-15 01:01:30 CET.
Flavor | Version | Tinstall | Tcheck | Ttotal | Status | Flags |
---|---|---|---|---|---|---|
r-devel-linux-x86_64-debian-clang | 1.31 | 125.84 | 198.13 | 323.97 | OK | |
r-devel-linux-x86_64-debian-gcc | 1.31 | 103.38 | 148.34 | 251.72 | OK | |
r-devel-linux-x86_64-fedora-clang | 1.31 | 415.57 | NOTE | |||
r-devel-linux-x86_64-fedora-gcc | 1.31 | 424.11 | OK | |||
r-devel-windows-ix86+x86_64 | 1.31 | 208.00 | 323.00 | 531.00 | OK | |
r-devel-windows-ix86+x86_64-gcc8 | 1.31 | 315.00 | 329.00 | 644.00 | OK | |
r-patched-linux-x86_64 | 1.31 | 106.55 | 175.78 | 282.33 | OK | |
r-patched-solaris-x86 | 1.31 | 412.20 | OK | |||
r-release-linux-x86_64 | 1.31 | 126.89 | 174.87 | 301.76 | OK | |
r-release-windows-ix86+x86_64 | 1.31 | 202.00 | 212.00 | 414.00 | OK | |
r-release-osx-x86_64 | 1.31 | NOTE | ||||
r-oldrel-windows-ix86+x86_64 | 1.31 | 173.00 | 201.00 | 374.00 | OK | |
r-oldrel-osx-x86_64 | 1.31 | NOTE |
Version: 1.31
Check: installed package size
Result: NOTE
installed size is 8.9Mb
sub-directories of 1Mb or more:
R 1.4Mb
libs 6.9Mb
Flavors: r-devel-linux-x86_64-fedora-clang, r-release-osx-x86_64, r-oldrel-osx-x86_64