CRAN Package Check Results for Package miscF

Last updated on 2020-02-15 01:01:30 CET.

Flavor Version Tinstall Tcheck Ttotal Status Flags
r-devel-linux-x86_64-debian-clang 0.1-4 13.07 73.54 86.61 OK
r-devel-linux-x86_64-debian-gcc 0.1-4 9.60 57.32 66.92 OK
r-devel-linux-x86_64-fedora-clang 0.1-4 107.82 OK
r-devel-linux-x86_64-fedora-gcc 0.1-4 108.97 OK
r-devel-windows-ix86+x86_64 0.1-4 31.00 142.00 173.00 OK
r-devel-windows-ix86+x86_64-gcc8 0.1-4 46.00 146.00 192.00 OK
r-patched-linux-x86_64 0.1-4 10.71 63.95 74.66 OK
r-patched-solaris-x86 0.1-4 168.30 NOTE
r-release-linux-x86_64 0.1-4 10.49 63.69 74.18 OK
r-release-windows-ix86+x86_64 0.1-4 27.00 88.00 115.00 OK
r-release-osx-x86_64 0.1-4 NOTE
r-oldrel-windows-ix86+x86_64 0.1-4 22.00 126.00 148.00 OK
r-oldrel-osx-x86_64 0.1-4 NOTE

Check Details

Version: 0.1-4
Check: package dependencies
Result: NOTE
    Package suggested but not available for checking: ‘BRugs’
Flavor: r-patched-solaris-x86

Version: 0.1-4
Check: package dependencies
Result: NOTE
    Packages suggested but not available for checking: 'mixAK', 'BRugs'
Flavor: r-release-osx-x86_64

Version: 0.1-4
Check: Rd cross-references
Result: NOTE
    Package unavailable to check Rd xrefs: ‘mixAK’
Flavors: r-release-osx-x86_64, r-oldrel-osx-x86_64

Version: 0.1-4
Check: package dependencies
Result: NOTE
    Packages suggested but not available for checking: ‘mixAK’ ‘BRugs’
Flavor: r-oldrel-osx-x86_64