CRAN Package Check Results for Package mixKernel

Last updated on 2020-02-15 01:01:30 CET.

Flavor Version Tinstall Tcheck Ttotal Status Flags
r-devel-linux-x86_64-debian-clang 0.3 24.61 219.85 244.46 OK
r-devel-linux-x86_64-debian-gcc 0.3 21.93 164.37 186.30 OK
r-devel-linux-x86_64-fedora-clang 0.3 290.66 OK
r-devel-linux-x86_64-fedora-gcc 0.3 297.25 OK
r-devel-windows-ix86+x86_64 0.3 49.00 273.00 322.00 OK
r-devel-windows-ix86+x86_64-gcc8 0.3 40.00 7.00 47.00 ERROR
r-patched-linux-x86_64 0.3 21.57 186.30 207.87 OK
r-patched-solaris-x86 0.3 426.30 OK
r-release-linux-x86_64 0.3 23.59 185.45 209.04 OK
r-release-windows-ix86+x86_64 0.3 46.00 183.00 229.00 OK
r-release-osx-x86_64 0.3 WARN
r-oldrel-windows-ix86+x86_64 0.3 27.00 177.00 204.00 OK
r-oldrel-osx-x86_64 0.3 OK

Check Details

Version: 0.3
Check: whether package can be installed
Result: ERROR
    Installation failed.
Flavor: r-devel-windows-ix86+x86_64-gcc8

Version: 0.3
Check: whether package can be installed
Result: WARN
    Found the following significant warnings:
     Warning: package ‘mixOmics’ was built under R version 3.6.1
Flavor: r-release-osx-x86_64