CRAN Package Check Results for Package mosaic

Last updated on 2020-02-15 01:01:31 CET.

Flavor Version Tinstall Tcheck Ttotal Status Flags
r-devel-linux-x86_64-debian-clang 1.5.0 29.08 325.29 354.37 WARN
r-devel-linux-x86_64-debian-gcc 1.5.0 24.11 237.19 261.30 WARN
r-devel-linux-x86_64-fedora-clang 1.5.0 287.09 WARN
r-devel-linux-x86_64-fedora-gcc 1.5.0 264.44 WARN
r-devel-windows-ix86+x86_64 1.5.0 55.00 445.00 500.00 OK
r-devel-windows-ix86+x86_64-gcc8 1.5.0 67.00 434.00 501.00 OK
r-patched-linux-x86_64 1.5.0 25.26 286.54 311.80 WARN
r-patched-solaris-x86 1.5.0 525.40 WARN
r-release-linux-x86_64 1.5.0 25.21 281.05 306.26 OK
r-release-windows-ix86+x86_64 1.5.0 48.00 299.00 347.00 OK
r-release-osx-x86_64 1.5.0 OK
r-oldrel-windows-ix86+x86_64 1.5.0 35.00 279.00 314.00 OK
r-oldrel-osx-x86_64 1.5.0 OK

Check Details

Version: 1.5.0
Check: Rd \usage sections
Result: WARN
    Documented arguments not in \usage in documentation object 'linear.algebra':
     '...'
    
    Functions with \usage entries need to have the appropriate \alias
    entries, and all their arguments documented.
    The \usage entries must correspond to syntactically valid R code.
    See chapter 'Writing R documentation files' in the 'Writing R
    Extensions' manual.
Flavors: r-devel-linux-x86_64-debian-clang, r-devel-linux-x86_64-debian-gcc, r-devel-linux-x86_64-fedora-clang, r-devel-linux-x86_64-fedora-gcc, r-patched-linux-x86_64, r-patched-solaris-x86