CRAN Package Check Results for Package mosaicCalc

Last updated on 2020-02-15 01:01:31 CET.

Flavor Version Tinstall Tcheck Ttotal Status Flags
r-devel-linux-x86_64-debian-clang 0.5.0 10.80 98.55 109.35 WARN
r-devel-linux-x86_64-debian-gcc 0.5.0 10.64 74.96 85.60 WARN
r-devel-linux-x86_64-fedora-clang 0.5.0 129.54 WARN
r-devel-linux-x86_64-fedora-gcc 0.5.0 120.99 WARN
r-devel-windows-ix86+x86_64 0.5.0 27.00 138.00 165.00 OK
r-devel-windows-ix86+x86_64-gcc8 0.5.0 43.00 148.00 191.00 OK
r-patched-linux-x86_64 0.5.0 11.60 87.15 98.75 WARN
r-patched-solaris-x86 0.5.0 199.40 WARN
r-release-linux-x86_64 0.5.0 10.66 86.46 97.12 OK
r-release-windows-ix86+x86_64 0.5.0 29.00 94.00 123.00 OK
r-release-osx-x86_64 0.5.0 OK
r-oldrel-windows-ix86+x86_64 0.5.0 12.00 94.00 106.00 OK
r-oldrel-osx-x86_64 0.5.0 OK

Check Details

Version: 0.5.0
Check: Rd \usage sections
Result: WARN
    Documented arguments not in \usage in documentation object 'numD':
     '.step'
    
    Functions with \usage entries need to have the appropriate \alias
    entries, and all their arguments documented.
    The \usage entries must correspond to syntactically valid R code.
    See chapter 'Writing R documentation files' in the 'Writing R
    Extensions' manual.
Flavors: r-devel-linux-x86_64-debian-clang, r-devel-linux-x86_64-debian-gcc, r-devel-linux-x86_64-fedora-clang, r-devel-linux-x86_64-fedora-gcc, r-patched-linux-x86_64, r-patched-solaris-x86