CRAN Package Check Results for Package multiDimBio

Last updated on 2020-02-15 01:01:31 CET.

Flavor Version Tinstall Tcheck Ttotal Status Flags
r-devel-linux-x86_64-debian-clang 1.2.1 12.28 115.12 127.40 OK
r-devel-linux-x86_64-debian-gcc 1.2.1 10.99 85.47 96.46 OK
r-devel-linux-x86_64-fedora-clang 1.2.1 148.23 OK
r-devel-linux-x86_64-fedora-gcc 1.2.1 145.65 OK
r-devel-windows-ix86+x86_64 1.2.1 26.00 144.00 170.00 OK
r-devel-windows-ix86+x86_64-gcc8 1.2.1 35.00 165.00 200.00 OK
r-patched-linux-x86_64 1.2.1 11.21 98.58 109.79 OK
r-patched-solaris-x86 1.2.1 197.00 OK
r-release-linux-x86_64 1.2.1 9.97 98.29 108.26 OK
r-release-windows-ix86+x86_64 1.2.1 22.00 108.00 130.00 OK
r-release-osx-x86_64 1.2.1 OK
r-oldrel-windows-ix86+x86_64 1.2.1 4.00 6.00 10.00 ERROR
r-oldrel-osx-x86_64 1.2.1 ERROR

Check Details

Version: 1.2.1
Check: package dependencies
Result: ERROR
    Package required and available but unsuitable version: 'pcaMethods'
    
    See section 'The DESCRIPTION file' in the 'Writing R Extensions'
    manual.
Flavors: r-oldrel-windows-ix86+x86_64, r-oldrel-osx-x86_64