CRAN Package Check Results for Package ncappc

Last updated on 2020-02-15 01:01:31 CET.

Flavor Version Tinstall Tcheck Ttotal Status Flags
r-devel-linux-x86_64-debian-clang 0.3.0 12.08 78.54 90.62 OK
r-devel-linux-x86_64-debian-gcc 0.3.0 11.88 58.60 70.48 OK
r-devel-linux-x86_64-fedora-clang 0.3.0 109.40 NOTE
r-devel-linux-x86_64-fedora-gcc 0.3.0 105.40 NOTE
r-devel-windows-ix86+x86_64 0.3.0 22.00 96.00 118.00 OK
r-devel-windows-ix86+x86_64-gcc8 0.3.0 33.00 120.00 153.00 OK
r-patched-linux-x86_64 0.3.0 11.70 68.70 80.40 OK
r-patched-solaris-x86 0.3.0 136.60 NOTE
r-release-linux-x86_64 0.3.0 11.76 68.26 80.02 OK
r-release-windows-ix86+x86_64 0.3.0 19.00 85.00 104.00 OK
r-release-osx-x86_64 0.3.0 NOTE
r-oldrel-windows-ix86+x86_64 0.3.0 13.00 77.00 90.00 OK
r-oldrel-osx-x86_64 0.3.0 NOTE

Check Details

Version: 0.3.0
Check: dependencies in R code
Result: NOTE
    Namespace in Imports field not imported from: ‘bookdown’
     All declared Imports should be used.
Flavors: r-devel-linux-x86_64-fedora-clang, r-devel-linux-x86_64-fedora-gcc, r-patched-solaris-x86, r-release-osx-x86_64, r-oldrel-osx-x86_64