CRAN Package Check Results for Package newsanchor

Last updated on 2020-02-15 01:01:31 CET.

Flavor Version Tinstall Tcheck Ttotal Status Flags
r-devel-linux-x86_64-debian-clang 0.1.1 4.76 44.13 48.89 OK
r-devel-linux-x86_64-debian-gcc 0.1.1 4.39 33.24 37.63 OK
r-devel-linux-x86_64-fedora-clang 0.1.1 59.71 NOTE
r-devel-linux-x86_64-fedora-gcc 0.1.1 57.19 NOTE
r-devel-windows-ix86+x86_64 0.1.1 19.00 60.00 79.00 OK
r-devel-windows-ix86+x86_64-gcc8 0.1.1 23.00 86.00 109.00 OK
r-patched-linux-x86_64 0.1.1 4.11 38.79 42.90 OK
r-patched-solaris-x86 0.1.1 81.10 NOTE
r-release-linux-x86_64 0.1.1 4.30 39.08 43.38 OK
r-release-windows-ix86+x86_64 0.1.1 11.00 63.00 74.00 OK
r-release-osx-x86_64 0.1.1 NOTE
r-oldrel-windows-ix86+x86_64 0.1.1 6.00 59.00 65.00 OK
r-oldrel-osx-x86_64 0.1.1 NOTE

Check Details

Version: 0.1.1
Check: dependencies in R code
Result: NOTE
    Namespaces in Imports field not imported from:
     ‘devtools’ ‘xml2’
     All declared Imports should be used.
Flavors: r-devel-linux-x86_64-fedora-clang, r-devel-linux-x86_64-fedora-gcc, r-patched-solaris-x86, r-release-osx-x86_64, r-oldrel-osx-x86_64

Version: 0.1.1
Check: data for non-ASCII characters
Result: NOTE
     Note: found 318 marked UTF-8 strings
Flavors: r-devel-linux-x86_64-fedora-clang, r-devel-linux-x86_64-fedora-gcc, r-patched-solaris-x86, r-release-osx-x86_64, r-oldrel-osx-x86_64