Last updated on 2020-02-15 01:01:31 CET.
Flavor | Version | Tinstall | Tcheck | Ttotal | Status | Flags |
---|---|---|---|---|---|---|
r-devel-linux-x86_64-debian-clang | 1.1.1-5 | 180.50 | 213.69 | 394.19 | OK | |
r-devel-linux-x86_64-debian-gcc | 1.1.1-5 | 175.68 | 160.05 | 335.73 | OK | |
r-devel-linux-x86_64-fedora-clang | 1.1.1-5 | 501.86 | NOTE | |||
r-devel-linux-x86_64-fedora-gcc | 1.1.1-5 | 392.69 | OK | |||
r-devel-windows-ix86+x86_64 | 1.1.1-5 | 375.00 | 518.00 | 893.00 | NOTE | |
r-devel-windows-ix86+x86_64-gcc8 | 1.1.1-5 | 502.00 | 691.00 | 1193.00 | NOTE | |
r-patched-linux-x86_64 | 1.1.1-5 | 175.87 | 185.52 | 361.39 | OK | |
r-patched-solaris-x86 | 1.1.1-5 | 537.50 | OK | |||
r-release-linux-x86_64 | 1.1.1-5 | 187.07 | 186.07 | 373.14 | OK | |
r-release-windows-ix86+x86_64 | 1.1.1-5 | 327.00 | 418.00 | 745.00 | NOTE | |
r-release-osx-x86_64 | 1.1.1-5 | NOTE | ||||
r-oldrel-windows-ix86+x86_64 | 1.1.1-5 | 321.00 | 397.00 | 718.00 | NOTE | |
r-oldrel-osx-x86_64 | 1.1.1-5 | NOTE |
Version: 1.1.1-5
Check: package dependencies
Result: NOTE
Imports includes 27 non-default packages.
Importing from so many packages makes the package vulnerable to any of
them becoming unavailable. Move as many as possible to Suggests and
use conditionally.
Flavor: r-devel-linux-x86_64-fedora-clang
Version: 1.1.1-5
Check: installed package size
Result: NOTE
installed size is 17.3Mb
sub-directories of 1Mb or more:
libs 15.6Mb
Flavors: r-devel-linux-x86_64-fedora-clang, r-devel-windows-ix86+x86_64, r-devel-windows-ix86+x86_64-gcc8, r-release-windows-ix86+x86_64, r-release-osx-x86_64, r-oldrel-windows-ix86+x86_64, r-oldrel-osx-x86_64