Last updated on 2020-02-15 01:01:31 CET.
Flavor | Version | Tinstall | Tcheck | Ttotal | Status | Flags |
---|---|---|---|---|---|---|
r-devel-linux-x86_64-debian-clang | 0.1.1 | 5.44 | 49.09 | 54.53 | NOTE | |
r-devel-linux-x86_64-debian-gcc | 0.1.1 | 4.87 | 37.67 | 42.54 | NOTE | |
r-devel-linux-x86_64-fedora-clang | 0.1.1 | 70.77 | NOTE | |||
r-devel-linux-x86_64-fedora-gcc | 0.1.1 | 71.31 | NOTE | |||
r-devel-windows-ix86+x86_64 | 0.1.1 | 15.00 | 73.00 | 88.00 | NOTE | |
r-devel-windows-ix86+x86_64-gcc8 | 0.1.1 | 24.00 | 98.00 | 122.00 | NOTE | |
r-patched-linux-x86_64 | 0.1.1 | 5.20 | 43.64 | 48.84 | NOTE | |
r-patched-solaris-x86 | 0.1.1 | 96.60 | NOTE | |||
r-release-linux-x86_64 | 0.1.1 | 5.07 | 43.60 | 48.67 | NOTE | |
r-release-windows-ix86+x86_64 | 0.1.1 | 14.00 | 65.00 | 79.00 | NOTE | |
r-release-osx-x86_64 | 0.1.1 | NOTE | ||||
r-oldrel-windows-ix86+x86_64 | 0.1.1 | 7.00 | 57.00 | 64.00 | NOTE | |
r-oldrel-osx-x86_64 | 0.1.1 | NOTE |
Version: 0.1.1
Check: package dependencies
Result: NOTE
Package suggested but not available for checking: 'hurricaneexposuredata'
Flavors: r-devel-linux-x86_64-debian-clang, r-devel-linux-x86_64-debian-gcc, r-devel-linux-x86_64-fedora-clang, r-devel-linux-x86_64-fedora-gcc, r-devel-windows-ix86+x86_64, r-devel-windows-ix86+x86_64-gcc8, r-patched-linux-x86_64, r-patched-solaris-x86, r-release-linux-x86_64, r-release-windows-ix86+x86_64, r-release-osx-x86_64, r-oldrel-windows-ix86+x86_64, r-oldrel-osx-x86_64
Version: 0.1.1
Check: dependencies in R code
Result: NOTE
Namespaces in Imports field not imported from:
‘RColorBrewer’ ‘XML’ ‘choroplethr’ ‘choroplethrMaps’ ‘data.table’
‘forcats’ ‘hurricaneexposure’ ‘plyr’
All declared Imports should be used.
Flavors: r-devel-linux-x86_64-fedora-clang, r-devel-linux-x86_64-fedora-gcc, r-patched-solaris-x86, r-release-osx-x86_64, r-oldrel-osx-x86_64