CRAN Package Check Results for Package nonet

Last updated on 2020-02-15 01:01:31 CET.

Flavor Version Tinstall Tcheck Ttotal Status Flags
r-devel-linux-x86_64-debian-clang 0.4.0 15.05 234.73 249.78 OK
r-devel-linux-x86_64-debian-gcc 0.4.0 12.99 184.52 197.51 OK
r-devel-linux-x86_64-fedora-clang 0.4.0 283.76 NOTE
r-devel-linux-x86_64-fedora-gcc 0.4.0 276.00 NOTE
r-devel-windows-ix86+x86_64 0.4.0 40.00 319.00 359.00 OK
r-devel-windows-ix86+x86_64-gcc8 0.4.0 58.00 340.00 398.00 OK
r-patched-linux-x86_64 0.4.0 11.93 199.14 211.07 OK
r-patched-solaris-x86 0.4.0 433.30 NOTE
r-release-linux-x86_64 0.4.0 11.40 195.66 207.06 OK
r-release-windows-ix86+x86_64 0.4.0 34.00 218.00 252.00 OK
r-release-osx-x86_64 0.4.0 NOTE
r-oldrel-windows-ix86+x86_64 0.4.0 16.00 200.00 216.00 OK
r-oldrel-osx-x86_64 0.4.0 NOTE

Check Details

Version: 0.4.0
Check: dependencies in R code
Result: NOTE
    Namespaces in Imports field not imported from:
     ‘dplyr’ ‘e1071’ ‘pROC’ ‘purrr’ ‘randomForest’ ‘rlang’
     All declared Imports should be used.
Flavors: r-devel-linux-x86_64-fedora-clang, r-devel-linux-x86_64-fedora-gcc, r-patched-solaris-x86, r-release-osx-x86_64, r-oldrel-osx-x86_64