CRAN Package Check Results for Package npsf

Last updated on 2020-02-15 01:01:32 CET.

Flavor Version Tinstall Tcheck Ttotal Status Flags
r-devel-linux-x86_64-debian-clang 0.5.2 29.48 66.94 96.42 OK
r-devel-linux-x86_64-debian-gcc 0.5.2 23.50 50.86 74.36 OK
r-devel-linux-x86_64-fedora-clang 0.5.2 128.08 OK
r-devel-linux-x86_64-fedora-gcc 0.5.2 111.70 OK
r-devel-windows-ix86+x86_64 0.5.2 54.00 108.00 162.00 OK
r-devel-windows-ix86+x86_64-gcc8 0.5.2 74.00 117.00 191.00 OK
r-patched-linux-x86_64 0.5.2 23.88 59.80 83.68 OK
r-patched-solaris-x86 0.5.2 128.80 OK
r-release-linux-x86_64 0.5.2 24.42 59.16 83.58 OK
r-release-windows-ix86+x86_64 0.5.2 51.00 87.00 138.00 OK
r-release-osx-x86_64 0.5.2 NOTE
r-oldrel-windows-ix86+x86_64 0.5.2 41.00 112.00 153.00 OK
r-oldrel-osx-x86_64 0.5.2 NOTE

Check Details

Version: 0.5.2
Check: package dependencies
Result: NOTE
    Package suggested but not available for checking: ‘Rmpi’
Flavors: r-release-osx-x86_64, r-oldrel-osx-x86_64