CRAN Package Check Results for Package nsga3

Last updated on 2020-02-15 01:01:32 CET.

Flavor Version Tinstall Tcheck Ttotal Status Flags
r-devel-linux-x86_64-debian-clang 0.0.3 10.19 83.73 93.92 OK
r-devel-linux-x86_64-debian-gcc 0.0.3 8.40 63.42 71.82 OK
r-devel-linux-x86_64-fedora-clang 0.0.3 110.08 NOTE
r-devel-linux-x86_64-fedora-gcc 0.0.3 106.95 NOTE
r-devel-windows-ix86+x86_64 0.0.3 23.00 105.00 128.00 OK
r-devel-windows-ix86+x86_64-gcc8 0.0.3 30.00 134.00 164.00 OK
r-patched-linux-x86_64 0.0.3 9.32 72.61 81.93 OK
r-patched-solaris-x86 0.0.3 168.90 NOTE
r-release-linux-x86_64 0.0.3 9.63 72.71 82.34 OK
r-release-windows-ix86+x86_64 0.0.3 17.00 97.00 114.00 OK
r-release-osx-x86_64 0.0.3 NOTE
r-oldrel-windows-ix86+x86_64 0.0.3 13.00 124.00 137.00 OK
r-oldrel-osx-x86_64 0.0.3 NOTE

Check Details

Version: 0.0.3
Check: dependencies in R code
Result: NOTE
    Namespace in Imports field not imported from: ‘xgboost’
     All declared Imports should be used.
Flavors: r-devel-linux-x86_64-fedora-clang, r-devel-linux-x86_64-fedora-gcc, r-patched-solaris-x86, r-release-osx-x86_64, r-oldrel-osx-x86_64