CRAN Package Check Results for Package opencage

Last updated on 2020-02-15 01:01:32 CET.

Flavor Version Tinstall Tcheck Ttotal Status Flags
r-devel-linux-x86_64-debian-clang 0.1.4 2.25 23.22 25.47 NOTE
r-devel-linux-x86_64-debian-gcc 0.1.4 2.05 18.51 20.56 NOTE
r-devel-linux-x86_64-fedora-clang 0.1.4 32.84 OK
r-devel-linux-x86_64-fedora-gcc 0.1.4 31.39 OK
r-devel-windows-ix86+x86_64 0.1.4 7.00 47.00 54.00 NOTE
r-devel-windows-ix86+x86_64-gcc8 0.1.4 8.00 48.00 56.00 NOTE
r-patched-linux-x86_64 0.1.4 1.86 21.66 23.52 OK
r-patched-solaris-x86 0.1.4 46.00 OK
r-release-linux-x86_64 0.1.4 1.75 21.40 23.15 OK
r-release-windows-ix86+x86_64 0.1.4 4.00 38.00 42.00 OK
r-release-osx-x86_64 0.1.4 OK
r-oldrel-windows-ix86+x86_64 0.1.4 3.00 40.00 43.00 OK
r-oldrel-osx-x86_64 0.1.4 OK

Check Details

Version: 0.1.4
Check: package vignettes
Result: NOTE
    Package vignette with placeholder title 'Vignette Title':
     'opencage.Rmd'
Flavors: r-devel-linux-x86_64-debian-clang, r-devel-linux-x86_64-debian-gcc, r-devel-windows-ix86+x86_64, r-devel-windows-ix86+x86_64-gcc8