CRAN Package Check Results for Package optiSolve

Last updated on 2020-02-15 01:01:32 CET.

Flavor Version Tinstall Tcheck Ttotal Status Flags
r-devel-linux-x86_64-debian-clang 0.1 9.94 93.13 103.07 OK
r-devel-linux-x86_64-debian-gcc 0.1 7.93 72.66 80.59 OK
r-devel-linux-x86_64-fedora-clang 0.1 123.56 OK
r-devel-linux-x86_64-fedora-gcc 0.1 121.12 OK
r-devel-windows-ix86+x86_64 0.1 25.00 121.00 146.00 OK
r-devel-windows-ix86+x86_64-gcc8 0.1 35.00 141.00 176.00 OK
r-patched-linux-x86_64 0.1 8.34 84.13 92.47 OK
r-patched-solaris-x86 0.1 291.30 OK
r-release-linux-x86_64 0.1 8.22 84.33 92.55 OK
r-release-windows-ix86+x86_64 0.1 20.00 100.00 120.00 OK
r-release-osx-x86_64 0.1 WARN
r-oldrel-windows-ix86+x86_64 0.1 11.00 129.00 140.00 OK
r-oldrel-osx-x86_64 0.1 OK

Check Details

Version: 0.1
Check: whether package can be installed
Result: WARN
    Found the following significant warnings:
     Warning: 'rgl_init' failed, running with rgl.useNULL = TRUE
Flavor: r-release-osx-x86_64