Last updated on 2020-02-15 01:01:32 CET.
Flavor | Version | Tinstall | Tcheck | Ttotal | Status | Flags |
---|---|---|---|---|---|---|
r-devel-linux-x86_64-debian-clang | 0.3.0 | 4.76 | 40.60 | 45.36 | OK | |
r-devel-linux-x86_64-debian-gcc | 0.3.0 | 3.58 | 31.51 | 35.09 | OK | |
r-devel-linux-x86_64-fedora-clang | 0.3.0 | 54.61 | NOTE | |||
r-devel-linux-x86_64-fedora-gcc | 0.3.0 | 52.30 | OK | |||
r-devel-windows-ix86+x86_64 | 0.3.0 | 10.00 | 62.00 | 72.00 | NOTE | |
r-devel-windows-ix86+x86_64-gcc8 | 0.3.0 | 19.00 | 79.00 | 98.00 | NOTE | |
r-patched-linux-x86_64 | 0.3.0 | 3.33 | 36.19 | 39.52 | OK | |
r-patched-solaris-x86 | 0.3.0 | 74.80 | NOTE | |||
r-release-linux-x86_64 | 0.3.0 | 3.57 | 36.14 | 39.71 | OK | |
r-release-windows-ix86+x86_64 | 0.3.0 | 8.00 | 56.00 | 64.00 | NOTE | |
r-release-osx-x86_64 | 0.3.0 | NOTE | ||||
r-oldrel-windows-ix86+x86_64 | 0.3.0 | 5.00 | 69.00 | 74.00 | NOTE | |
r-oldrel-osx-x86_64 | 0.3.0 | NOTE |
Version: 0.3.0
Check: installed package size
Result: NOTE
installed size is 6.8Mb
sub-directories of 1Mb or more:
data 5.7Mb
Flavors: r-devel-linux-x86_64-fedora-clang, r-devel-windows-ix86+x86_64, r-devel-windows-ix86+x86_64-gcc8, r-patched-solaris-x86, r-release-windows-ix86+x86_64, r-release-osx-x86_64, r-oldrel-windows-ix86+x86_64, r-oldrel-osx-x86_64