CRAN Package Check Results for Package pacotest

Last updated on 2020-02-15 01:01:32 CET.

Flavor Version Tinstall Tcheck Ttotal Status Flags
r-devel-linux-x86_64-debian-clang 0.3.1 124.26 283.28 407.54 OK
r-devel-linux-x86_64-debian-gcc 0.3.1 89.31 173.29 262.60 OK
r-devel-linux-x86_64-fedora-clang 0.3.1 513.52 NOTE
r-devel-linux-x86_64-fedora-gcc 0.3.1 485.47 OK
r-devel-windows-ix86+x86_64 0.3.1 262.00 645.00 907.00 OK
r-devel-windows-ix86+x86_64-gcc8 0.3.1 336.00 725.00 1061.00 OK
r-patched-linux-x86_64 0.3.1 96.97 245.66 342.63 OK
r-patched-solaris-x86 0.3.1 586.60 OK
r-release-linux-x86_64 0.3.1 98.62 250.02 348.64 OK
r-release-windows-ix86+x86_64 0.3.1 220.00 606.00 826.00 OK
r-release-osx-x86_64 0.3.1 NOTE
r-oldrel-windows-ix86+x86_64 0.3.1 189.00 626.00 815.00 OK
r-oldrel-osx-x86_64 0.3.1 NOTE

Check Details

Version: 0.3.1
Check: installed package size
Result: NOTE
     installed size is 6.4Mb
     sub-directories of 1Mb or more:
     libs 6.1Mb
Flavors: r-devel-linux-x86_64-fedora-clang, r-release-osx-x86_64, r-oldrel-osx-x86_64