Last updated on 2020-02-15 01:01:32 CET.
Flavor | Version | Tinstall | Tcheck | Ttotal | Status | Flags |
---|---|---|---|---|---|---|
r-devel-linux-x86_64-debian-clang | 1.6 | 4.08 | 74.81 | 78.89 | OK | |
r-devel-linux-x86_64-debian-gcc | 1.6 | 3.87 | 58.86 | 62.73 | OK | |
r-devel-linux-x86_64-fedora-clang | 1.6 | 97.62 | OK | |||
r-devel-linux-x86_64-fedora-gcc | 1.6 | 95.50 | OK | |||
r-devel-windows-ix86+x86_64 | 1.6 | 9.00 | 101.00 | 110.00 | OK | |
r-devel-windows-ix86+x86_64-gcc8 | 1.6 | 13.00 | 125.00 | 138.00 | OK | |
r-patched-linux-x86_64 | 1.6 | 3.62 | 70.49 | 74.11 | OK | |
r-patched-solaris-x86 | 1.6 | 150.40 | OK | |||
r-release-linux-x86_64 | 1.6 | 3.22 | 70.59 | 73.81 | OK | |
r-release-windows-ix86+x86_64 | 1.6 | 7.00 | 94.00 | 101.00 | OK | |
r-release-osx-x86_64 | 1.6 | NOTE | ||||
r-oldrel-windows-ix86+x86_64 | 1.6 | 6.00 | 88.00 | 94.00 | OK | |
r-oldrel-osx-x86_64 | 1.6 | NOTE |
Version: 1.6
Check: dependencies in R code
Result: NOTE
No protocol specified
Flavors: r-release-osx-x86_64, r-oldrel-osx-x86_64