Last updated on 2020-02-15 01:01:32 CET.
Flavor | Version | Tinstall | Tcheck | Ttotal | Status | Flags |
---|---|---|---|---|---|---|
r-devel-linux-x86_64-debian-clang | 1.56.1 | 8.75 | 72.25 | 81.00 | OK | |
r-devel-linux-x86_64-debian-gcc | 1.56.1 | 8.80 | 55.33 | 64.13 | OK | |
r-devel-linux-x86_64-fedora-clang | 1.56.1 | 98.26 | NOTE | |||
r-devel-linux-x86_64-fedora-gcc | 1.56.1 | 95.68 | NOTE | |||
r-devel-windows-ix86+x86_64 | 1.56.1 | 19.00 | 123.00 | 142.00 | OK | |
r-devel-windows-ix86+x86_64-gcc8 | 1.56.1 | 26.00 | 147.00 | 173.00 | OK | |
r-patched-linux-x86_64 | 1.56.1 | 8.15 | 64.07 | 72.22 | OK | |
r-patched-solaris-x86 | 1.56.1 | 131.80 | OK | |||
r-release-linux-x86_64 | 1.56.1 | 8.63 | 64.35 | 72.98 | OK | |
r-release-windows-ix86+x86_64 | 1.56.1 | 15.00 | 106.00 | 121.00 | OK | |
r-release-osx-x86_64 | 1.56.1 | OK | ||||
r-oldrel-windows-ix86+x86_64 | 1.56.1 | 14.00 | 124.00 | 138.00 | OK | |
r-oldrel-osx-x86_64 | 1.56.1 | OK |
Version: 1.56.1
Check: compiled code
Result: NOTE
File ‘pamr/libs/pamr.so’:
Found no calls to: ‘R_registerRoutines’, ‘R_useDynamicSymbols’
It is good practice to register native routines and to disable symbol
search.
See ‘Writing portable packages’ in the ‘Writing R Extensions’ manual.
Flavors: r-devel-linux-x86_64-fedora-clang, r-devel-linux-x86_64-fedora-gcc