Last updated on 2020-02-15 01:01:32 CET.
Flavor | Version | Tinstall | Tcheck | Ttotal | Status | Flags |
---|---|---|---|---|---|---|
r-devel-linux-x86_64-debian-clang | 0.2.2 | 50.61 | 102.41 | 153.02 | OK | |
r-devel-linux-x86_64-debian-gcc | 0.2.2 | 33.44 | 76.74 | 110.18 | OK | |
r-devel-linux-x86_64-fedora-clang | 0.2.2 | 195.93 | NOTE | |||
r-devel-linux-x86_64-fedora-gcc | 0.2.2 | 179.54 | NOTE | |||
r-devel-windows-ix86+x86_64 | 0.2.2 | 99.00 | 164.00 | 263.00 | OK | |
r-devel-windows-ix86+x86_64-gcc8 | 0.2.2 | 132.00 | 201.00 | 333.00 | OK | |
r-patched-linux-x86_64 | 0.2.2 | 38.63 | 89.64 | 128.27 | OK | |
r-patched-solaris-x86 | 0.2.2 | 220.70 | NOTE | |||
r-release-linux-x86_64 | 0.2.2 | 35.81 | 90.42 | 126.23 | OK | |
r-release-windows-ix86+x86_64 | 0.2.2 | 91.00 | 125.00 | 216.00 | OK | |
r-release-osx-x86_64 | 0.2.2 | NOTE | ||||
r-oldrel-windows-ix86+x86_64 | 0.2.2 | 82.00 | 136.00 | 218.00 | OK | |
r-oldrel-osx-x86_64 | 0.2.2 | NOTE |
Version: 0.2.2
Check: dependencies in R code
Result: NOTE
Namespace in Imports field not imported from: ‘dplyr’
All declared Imports should be used.
Flavors: r-devel-linux-x86_64-fedora-clang, r-devel-linux-x86_64-fedora-gcc, r-patched-solaris-x86, r-release-osx-x86_64, r-oldrel-osx-x86_64