CRAN Package Check Results for Package pathlibr

Last updated on 2020-02-15 01:01:32 CET.

Flavor Version Tinstall Tcheck Ttotal Status Flags
r-devel-linux-x86_64-debian-clang 0.1.0 2.72 25.47 28.19 NOTE
r-devel-linux-x86_64-debian-gcc 0.1.0 2.37 20.25 22.62 NOTE
r-devel-linux-x86_64-fedora-clang 0.1.0 35.98 NOTE
r-devel-linux-x86_64-fedora-gcc 0.1.0 34.92 NOTE
r-devel-windows-ix86+x86_64 0.1.0 6.00 43.00 49.00 NOTE
r-devel-windows-ix86+x86_64-gcc8 0.1.0 13.00 46.00 59.00 NOTE
r-patched-linux-x86_64 0.1.0 2.46 23.32 25.78 OK
r-patched-solaris-x86 0.1.0 49.20 NOTE
r-release-linux-x86_64 0.1.0 2.55 23.53 26.08 OK
r-release-windows-ix86+x86_64 0.1.0 5.00 33.00 38.00 OK
r-release-osx-x86_64 0.1.0 NOTE
r-oldrel-windows-ix86+x86_64 0.1.0 4.00 55.00 59.00 OK
r-oldrel-osx-x86_64 0.1.0 NOTE

Check Details

Version: 0.1.0
Check: package vignettes
Result: NOTE
    Package vignette with placeholder title 'Vignette Title':
     'pathlibr.Rmd'
Flavors: r-devel-linux-x86_64-debian-clang, r-devel-linux-x86_64-debian-gcc, r-devel-windows-ix86+x86_64, r-devel-windows-ix86+x86_64-gcc8

Version: 0.1.0
Check: dependencies in R code
Result: NOTE
    Namespaces in Imports field not imported from:
     ‘R6’ ‘glue’ ‘logging’ ‘purrr’
     All declared Imports should be used.
Flavors: r-devel-linux-x86_64-fedora-clang, r-devel-linux-x86_64-fedora-gcc, r-patched-solaris-x86, r-release-osx-x86_64, r-oldrel-osx-x86_64