CRAN Package Check Results for Package pavo

Last updated on 2020-02-15 01:01:32 CET.

Flavor Version Tinstall Tcheck Ttotal Status Flags
r-devel-linux-x86_64-debian-clang 2.4.0 13.07 251.18 264.25 OK
r-devel-linux-x86_64-debian-gcc 2.4.0 11.44 171.41 182.85 OK
r-devel-linux-x86_64-fedora-clang 2.4.0 294.29 NOTE
r-devel-linux-x86_64-fedora-gcc 2.4.0 283.64 OK
r-devel-windows-ix86+x86_64 2.4.0 23.00 265.00 288.00 OK
r-devel-windows-ix86+x86_64-gcc8 2.3.0 32.00 229.00 261.00 OK
r-patched-linux-x86_64 2.4.0 10.56 207.33 217.89 OK
r-patched-solaris-x86 2.4.0 354.90 NOTE
r-release-linux-x86_64 2.4.0 10.39 207.95 218.34 OK
r-release-windows-ix86+x86_64 2.4.0 17.00 206.00 223.00 OK
r-release-osx-x86_64 2.4.0 NOTE
r-oldrel-windows-ix86+x86_64 2.4.0 19.00 265.00 284.00 OK
r-oldrel-osx-x86_64 2.4.0 NOTE

Check Details

Version: 2.4.0
Check: package dependencies
Result: NOTE
    Suggests orphaned package: ‘imager’
Flavor: r-devel-linux-x86_64-fedora-clang

Version: 2.4.0
Check: installed package size
Result: NOTE
     installed size is 5.6Mb
     sub-directories of 1Mb or more:
     doc 2.3Mb
     testdata 1.8Mb
Flavor: r-patched-solaris-x86

Version: 2.4.0
Check: dependencies in R code
Result: NOTE
    No protocol specified
Flavors: r-release-osx-x86_64, r-oldrel-osx-x86_64