Last updated on 2020-02-15 01:01:33 CET.
Flavor | Version | Tinstall | Tcheck | Ttotal | Status | Flags |
---|---|---|---|---|---|---|
r-devel-linux-x86_64-debian-clang | 0.2-9 | 147.64 | 45.63 | 193.27 | OK | |
r-devel-linux-x86_64-debian-gcc | 0.2-9 | 106.69 | 35.93 | 142.62 | OK | |
r-devel-linux-x86_64-fedora-clang | 0.2-9 | 263.31 | NOTE | |||
r-devel-linux-x86_64-fedora-gcc | 0.2-9 | 251.65 | OK | |||
r-devel-windows-ix86+x86_64 | 0.2-9 | 462.00 | 96.00 | 558.00 | NOTE | |
r-devel-windows-ix86+x86_64-gcc8 | 0.2-8 | 652.00 | 86.00 | 738.00 | NOTE | |
r-patched-linux-x86_64 | 0.2-9 | 117.55 | 41.28 | 158.83 | OK | |
r-patched-solaris-x86 | 0.2-9 | 249.40 | NOTE | |||
r-release-linux-x86_64 | 0.2-9 | 120.16 | 42.32 | 162.48 | OK | |
r-release-windows-ix86+x86_64 | 0.2-9 | 611.00 | 115.00 | 726.00 | NOTE | |
r-release-osx-x86_64 | 0.2-9 | ERROR | ||||
r-oldrel-windows-ix86+x86_64 | 0.2-7 | 347.00 | 67.00 | 414.00 | NOTE | |
r-oldrel-osx-x86_64 | 0.2-9 | ERROR |
Version: 0.2-9
Check: installed package size
Result: NOTE
installed size is 10.0Mb
sub-directories of 1Mb or more:
lib 9.6Mb
Flavors: r-devel-linux-x86_64-fedora-clang, r-devel-windows-ix86+x86_64, r-patched-solaris-x86, r-release-windows-ix86+x86_64
Version: 0.2-8
Check: installed package size
Result: NOTE
installed size is 10.5Mb
sub-directories of 1Mb or more:
lib 5.6Mb
libs 4.7Mb
Flavor: r-devel-windows-ix86+x86_64-gcc8
Version: 0.2-9
Check: package dependencies
Result: ERROR
Package required but not available: ‘pbdMPI’
See section ‘The DESCRIPTION file’ in the ‘Writing R Extensions’
manual.
Flavors: r-release-osx-x86_64, r-oldrel-osx-x86_64
Version: 0.2-7
Check: installed package size
Result: NOTE
installed size is 10.5Mb
sub-directories of 1Mb or more:
lib 5.6Mb
libs 4.6Mb
Flavor: r-oldrel-windows-ix86+x86_64