Last updated on 2020-02-15 01:01:33 CET.
Flavor | Version | Tinstall | Tcheck | Ttotal | Status | Flags |
---|---|---|---|---|---|---|
r-devel-linux-x86_64-debian-clang | 0.6.0 | 2.29 | 16.67 | 18.96 | OK | |
r-devel-linux-x86_64-debian-gcc | 0.6.0 | 1.87 | 13.43 | 15.30 | OK | |
r-devel-linux-x86_64-fedora-clang | 0.6.0 | 24.44 | NOTE | |||
r-devel-linux-x86_64-fedora-gcc | 0.6.0 | 23.58 | NOTE | |||
r-devel-windows-ix86+x86_64 | 0.6.0 | 9.00 | 36.00 | 45.00 | OK | |
r-devel-windows-ix86+x86_64-gcc8 | 0.6.0 | 13.00 | 33.00 | 46.00 | OK | |
r-patched-linux-x86_64 | 0.6.0 | 2.03 | 15.44 | 17.47 | OK | |
r-patched-solaris-x86 | 0.6.0 | 34.50 | OK | |||
r-release-linux-x86_64 | 0.6.0 | 1.85 | 15.55 | 17.40 | OK | |
r-release-windows-ix86+x86_64 | 0.6.0 | 8.00 | 50.00 | 58.00 | OK | |
r-release-osx-x86_64 | 0.6.0 | OK | ||||
r-oldrel-windows-ix86+x86_64 | 0.6.0 | 5.00 | 31.00 | 36.00 | OK | |
r-oldrel-osx-x86_64 | 0.6.0 | OK |
Version: 0.6.0
Check: compiled code
Result: NOTE
File ‘pbivnorm/libs/pbivnorm.so’:
Found no calls to: ‘R_registerRoutines’, ‘R_useDynamicSymbols’
It is good practice to register native routines and to disable symbol
search.
See ‘Writing portable packages’ in the ‘Writing R Extensions’ manual.
Flavors: r-devel-linux-x86_64-fedora-clang, r-devel-linux-x86_64-fedora-gcc