CRAN Package Check Results for Package pcdpca

Last updated on 2020-02-15 01:01:33 CET.

Flavor Version Tinstall Tcheck Ttotal Status Flags
r-devel-linux-x86_64-debian-clang 0.4 1.52 25.46 26.98 OK
r-devel-linux-x86_64-debian-gcc 0.4 1.34 20.03 21.37 OK
r-devel-linux-x86_64-fedora-clang 0.4 34.36 NOTE
r-devel-linux-x86_64-fedora-gcc 0.4 32.88 NOTE
r-devel-windows-ix86+x86_64 0.4 5.00 43.00 48.00 OK
r-devel-windows-ix86+x86_64-gcc8 0.4 7.00 39.00 46.00 OK
r-patched-linux-x86_64 0.4 1.42 23.27 24.69 OK
r-patched-solaris-x86 0.4 54.40 NOTE
r-release-linux-x86_64 0.4 1.47 23.42 24.89 OK
r-release-windows-ix86+x86_64 0.4 4.00 35.00 39.00 OK
r-release-osx-x86_64 0.4 NOTE
r-oldrel-windows-ix86+x86_64 0.4 3.00 54.00 57.00 OK
r-oldrel-osx-x86_64 0.4 NOTE

Check Details

Version: 0.4
Check: dependencies in R code
Result: NOTE
    Namespace in Imports field not imported from: ‘fda’
     All declared Imports should be used.
Flavors: r-devel-linux-x86_64-fedora-clang, r-devel-linux-x86_64-fedora-gcc, r-patched-solaris-x86, r-release-osx-x86_64, r-oldrel-osx-x86_64