CRAN Package Check Results for Package pdftools

Last updated on 2020-02-15 01:01:33 CET.

Flavor Version Tinstall Tcheck Ttotal Status Flags
r-devel-linux-x86_64-debian-clang 2.3 21.04 31.17 52.21 OK
r-devel-linux-x86_64-debian-gcc 2.3 18.47 25.22 43.69 OK
r-devel-linux-x86_64-fedora-clang 2.3 71.82 OK
r-devel-linux-x86_64-fedora-gcc 2.3 72.64 OK
r-devel-windows-ix86+x86_64 2.3 77.00 128.00 205.00 NOTE
r-devel-windows-ix86+x86_64-gcc8 2.3 98.00 125.00 223.00 NOTE
r-patched-linux-x86_64 2.3 17.86 29.28 47.14 OK
r-patched-solaris-x86 2.3 88.30 NOTE
r-release-linux-x86_64 2.3 19.37 29.12 48.49 OK
r-release-windows-ix86+x86_64 2.3 75.00 103.00 178.00 NOTE
r-release-osx-x86_64 2.3 NOTE
r-oldrel-windows-ix86+x86_64 2.3 74.00 143.00 217.00 NOTE
r-oldrel-osx-x86_64 2.3 NOTE

Additional issues

valgrind

Check Details

Version: 2.3
Check: installed package size
Result: NOTE
     installed size is 25.3Mb
     sub-directories of 1Mb or more:
     libs 13.3Mb
     share 11.9Mb
Flavors: r-devel-windows-ix86+x86_64, r-devel-windows-ix86+x86_64-gcc8, r-release-windows-ix86+x86_64, r-release-osx-x86_64, r-oldrel-windows-ix86+x86_64, r-oldrel-osx-x86_64

Version: 2.3
Check: package dependencies
Result: NOTE
    Package suggested but not available for checking: ‘tesseract’
Flavor: r-patched-solaris-x86

Version: 2.3
Check: Rd cross-references
Result: NOTE
    Package unavailable to check Rd xrefs: ‘tesseract’
Flavor: r-patched-solaris-x86